{"id":8902,"date":"2020-09-24T12:00:12","date_gmt":"2020-09-24T10:00:12","guid":{"rendered":"http:\/\/saintlouisenthelle.org\/accueil\/?page_id=8902"},"modified":"2024-12-28T20:54:14","modified_gmt":"2024-12-28T19:54:14","slug":"ecp","status":"publish","type":"page","link":"https:\/\/saintlouisenthelle.org\/accueil\/la-paroisse\/ecp\/","title":{"rendered":"\u00c9quipe de conduite pastorale (ECP)"},"content":{"rendered":"<p style=\"text-align: justify;\">Notre \u00e9v\u00eaque a demand\u00e9 \u00e0 chaque paroisse de se doter d\u2019une <strong>\u00c9quipe de conduite pastorale<\/strong> (<strong>ECP<\/strong>) : qu\u2019est-ce que c\u2019est ?<\/p>\n<p style=\"text-align: justify;\">Dans le cadre de la <a href=\"https:\/\/oise.catholique.fr\/diocese\/vie-diocesaine\/jde\/41-ecp\/\" target=\"_blank\" rel=\"noopener noreferrer\">dynamique dioc\u00e9saine <strong><em>La Joie d\u2019\u00c9vang\u00e9liser<\/em><\/strong><\/a>, notre \u00c9v\u00eaque a demand\u00e9 \u00e0 tous les cur\u00e9s de constituer autour d\u2019eux une <strong><em>\u00c9quipe de Conduite Pastorale (ECP)<\/em><\/strong>, plus restreinte que le Conseil Pastoral Paroissial.<\/p>\n<p style=\"text-align: justify;\">Le <strong>cur\u00e9<\/strong> est le <strong>pasteur\u00a0propre<\/strong> de sa communaut\u00e9 paroissiale sous l\u2019autorit\u00e9 de l\u2019<strong>\u00e9v\u00eaque\u00a0<\/strong>dioc\u00e9sain. Cependant, les multiples t\u00e2ches qui reposent aujourd\u2019hui sur les \u00e9paules du pr\u00eatre peuvent l\u2019emp\u00eacher d\u2019\u00eatre pasteur. Face aux d\u00e9fis de la nouvelle \u00e9vang\u00e9lisation, les cur\u00e9s exerceront d\u2019autant mieux leur mission propre qu\u2019ils seront <strong>entour\u00e9s d\u2019une petite \u00e9quipe<\/strong>. C\u2019est le r\u00f4le de <strong>l\u2019ECP<\/strong>.<\/p>\n<p><a href=\"https:\/\/i0.wp.com\/saintlouisenthelle.org\/accueil\/wp-content\/uploads\/2020\/09\/ECP-300x92-1.png?ssl=1\" data-rel=\"penci-gallery-image-content\" ><img data-recalc-dims=\"1\" decoding=\"async\" class=\"aligncenter size-full wp-image-8903\" src=\"https:\/\/i0.wp.com\/saintlouisenthelle.org\/accueil\/wp-content\/uploads\/2020\/09\/ECP-300x92-1.png?resize=300%2C92&#038;ssl=1\" alt=\"\" width=\"300\" height=\"92\" \/><\/a><\/p>\n<h3>Composition de l\u2019ECP<\/h3>\n<p style=\"text-align: justify;\">L\u2019ECP de la paroisse du Pays de Thelle est compos\u00e9e des ministres ordonn\u00e9s (le cur\u00e9 et le vicaire), avec des fid\u00e8les la\u00efcs (paroissiens).<\/p>\n<p style=\"text-align: justify;\">L\u2019Abb\u00e9 <strong>Antoine Fernet<\/strong> est le cur\u00e9 de la paroisse, il pr\u00e9side l&rsquo;ECP.<\/p>\n<p style=\"text-align: justify;\">Membres de l\u2019ECP (septembre 2024) :<\/p>\n<ul>\n<li><strong>Liliane Charles-H\u00e9l\u00e8ne<\/strong><\/li>\n<li style=\"text-align: justify;\"><strong>Sylvie Dufour<\/strong><\/li>\n<li><strong>Jean-Pierre Guillaume<\/strong><\/li>\n<li><strong>Carole Lupon<\/strong><\/li>\n<\/ul>\n<p>&nbsp;<\/p>\n<h3>Missions de l\u2019ECP<\/h3>\n<p style=\"text-align: justify;\">Quelques \u00e9l\u00e9ments concernant la mission de l\u2019ECP :<\/p>\n<ul>\n<li style=\"text-align: justify;\">Participer \u00e0 la <em><strong>gouvernance<\/strong><\/em> de la communaut\u00e9 et soutenir sa <em><strong>mission<\/strong><\/em>.<\/li>\n<li style=\"text-align: justify;\">Suivre et faciliter la <em><strong>mise en \u0153uvre de la vision<\/strong><\/em> re\u00e7ue et \u00e9labor\u00e9e en Conseil pastoral paroissial.<\/li>\n<li style=\"text-align: justify;\">Assurer avec le cur\u00e9 \u00ab\u00a0le suivi du processus de <em><strong>croissance<\/strong><\/em>\u00a0\u00bb paroissiale et aider \u00e0 \u00ab\u00a0la mise en \u0153uvre des <em><strong>projets d\u2019\u00e9vang\u00e9lisation<\/strong><\/em> \u00bb, se pr\u00e9occuper du bien, de la sant\u00e9, de la progression th\u00e9ologale de la communaut\u00e9.<\/li>\n<li style=\"text-align: justify;\">Rep\u00e9rer et favoriser la mise en \u0153uvre des <em><strong>talents<\/strong><\/em> et des charismes des fid\u00e8les\u00a0; <em><strong>appeler<\/strong><\/em> et <em><strong>mobiliser<\/strong><\/em> de nouvelles personnes.<\/li>\n<li style=\"text-align: justify;\">M\u00fbrir avec le cur\u00e9 les <em><strong>grandes d\u00e9cisions<\/strong><\/em> paroissiales. Le cur\u00e9 qui demeure le d\u00e9cisionnaire ultime restera tr\u00e8s \u00e0 l\u2019\u00e9coute du sens de la foi des membres de l\u2019\u00e9quipe et de <em><strong>ce que l\u2019Esprit dit<\/strong><\/em> par eux (par leur bapt\u00eame et leur confirmation, ils ont en effet re\u00e7u l\u2019Esprit de conseil, notamment).<\/li>\n<li style=\"text-align: justify;\">\u00a0Aider \u00e0 mieux g\u00e9rer les <em><strong>priorit\u00e9s<\/strong><\/em> et \u00e0 mieux r\u00e9partir la charge. Il ne s\u2019agit pas tant d\u2019\u00eatre \u00ab\u00a0\u00e0 fond\u00a0\u00bb que de porter du fruit (<a href=\"http:\/\/www.aelf.org\/bible\/Jn\/15\" target=\"_blank\" rel=\"noopener noreferrer\">Jn 15,8<\/a>). Que faisons-nous de notre temps\u00a0? Le Seigneur l\u2019entend-il ainsi\u00a0? Sommes-nous de bons intendants, de fid\u00e8les serviteurs (<a href=\"http:\/\/www.aelf.org\/bible\/Mt\/25\" target=\"_blank\" rel=\"noopener noreferrer\">Mt 25,14-30<\/a>)\u00a0?<\/li>\n<\/ul>\n<p>&nbsp;<\/p>\n<p>R\u00e9f\u00e9rences : Document <em><a href=\"https:\/\/diocesebeauvais-my.sharepoint.com\/:b:\/g\/personal\/docs-site_oise-catholique_fr\/EX5GDod3NFZPoSDTQ20oun0BWTpoOhl7Wdj_01gvws4IRA?e=PaRx4s\" target=\"_blank\" rel=\"noopener noreferrer\">\u00ab Le cur\u00e9 et sa nouvelle \u00c9quipe de Conduite Pastorale (ECP) \u00bb<\/a>\u00a0<\/em>sur le site de <a href=\"https:\/\/oise.catholique.fr\/diocese\/vie-diocesaine\/jde\/41-ecp\/\" target=\"_blank\" rel=\"noopener noreferrer\">l&rsquo;Eglise catholique dans l&rsquo;Oise<\/a><\/p>\n","protected":false},"excerpt":{"rendered":"<p>Notre \u00e9v\u00eaque a demand\u00e9 \u00e0 chaque paroisse de se doter d\u2019une \u00c9quipe de conduite pastorale (ECP) : qu\u2019est-ce que c\u2019est ? Dans le cadre de la dynamique dioc\u00e9saine La Joie&hellip;<\/p>\n","protected":false},"author":4,"featured_media":0,"parent":17,"menu_order":6,"comment_status":"closed","ping_status":"closed","template":"","meta":{"_lmt_disableupdate":"no","_lmt_disable":"","footnotes":""},"class_list":["post-8902","page","type-page","status-publish","hentry"],"jetpack_shortlink":"https:\/\/wp.me\/P7Mpl1-2jA","jetpack_sharing_enabled":true,"_links":{"self":[{"href":"https:\/\/saintlouisenthelle.org\/accueil\/wp-json\/wp\/v2\/pages\/8902","targetHints":{"allow":["GET"]}}],"collection":[{"href":"https:\/\/saintlouisenthelle.org\/accueil\/wp-json\/wp\/v2\/pages"}],"about":[{"href":"https:\/\/saintlouisenthelle.org\/accueil\/wp-json\/wp\/v2\/types\/page"}],"author":[{"embeddable":true,"href":"https:\/\/saintlouisenthelle.org\/accueil\/wp-json\/wp\/v2\/users\/4"}],"replies":[{"embeddable":true,"href":"https:\/\/saintlouisenthelle.org\/accueil\/wp-json\/wp\/v2\/comments?post=8902"}],"version-history":[{"count":12,"href":"https:\/\/saintlouisenthelle.org\/accueil\/wp-json\/wp\/v2\/pages\/8902\/revisions"}],"predecessor-version":[{"id":13690,"href":"https:\/\/saintlouisenthelle.org\/accueil\/wp-json\/wp\/v2\/pages\/8902\/revisions\/13690"}],"up":[{"embeddable":true,"href":"https:\/\/saintlouisenthelle.org\/accueil\/wp-json\/wp\/v2\/pages\/17"}],"wp:attachment":[{"href":"https:\/\/saintlouisenthelle.org\/accueil\/wp-json\/wp\/v2\/media?parent=8902"}],"curies":[{"name":"wp","href":"https:\/\/api.w.org\/{rel}","templated":true}]}}