{"id":193,"date":"2011-10-10T12:00:48","date_gmt":"2011-10-10T10:00:48","guid":{"rendered":"http:\/\/saintlouisenthelle.org\/?page_id=193"},"modified":"2024-11-30T22:07:41","modified_gmt":"2024-11-30T21:07:41","slug":"formation","status":"publish","type":"page","link":"https:\/\/saintlouisenthelle.org\/accueil\/mission-formation\/formation\/","title":{"rendered":"Formations paroissiales"},"content":{"rendered":"<p style=\"text-align: justify;\">Dans la paroisse, et selon les \u00e2ges, les formations se font \u00e0 travers diff\u00e9rentes propositions :<\/p>\n<ul>\n<li style=\"text-align: left;\"><a href=\"https:\/\/saintlouisenthelle.org\/accueil\/jeunes\/catechisme\/\">Cat\u00e9chisme et \u00e9veil \u00e0 la foi<\/a> pour les enfants<\/li>\n<li><a href=\"https:\/\/saintlouisenthelle.org\/accueil\/jeunes\/aumonerie\/\">Aum\u00f4nerie<\/a> pour les adolescents (coll\u00e9giens)<\/li>\n<li><a href=\"https:\/\/saintlouisenthelle.org\/accueil\/jeunes\/zileos\/\">Zil\u00e9os<\/a> pour les grands coll\u00e9giens, lyc\u00e9ens et post-bac<\/li>\n<li><a href=\"https:\/\/saintlouisenthelle.org\/accueil\/sacrements\/bapteme-des-adultes\/\">Cat\u00e9chum\u00e9nat<\/a>\u00a0pour les adultes cheminant vers les sacrements de l&#8217;initiation chr\u00e9tienne (bapt\u00eame, confirmation, eucharistie)<\/li>\n<li style=\"text-align: left;\"><a href=\"https:\/\/saintlouisenthelle.org\/accueil\/mission\/parcours-alpha\/\">Parcours Alpha<\/a> : un parcours de 10 soir\u00e9es pour toute personne souhaitant d\u00e9couvrir ou red\u00e9couvrir la foi chr\u00e9tienne<\/li>\n<li><a href=\"https:\/\/saintlouisenthelle.org\/accueil\/mission-formation\/newpastoral\/\">NewPastoral<\/a> : rejoignez un petit groupe de maison (fraternit\u00e9 de proximit\u00e9)<\/li>\n<li><a href=\"https:\/\/saintlouisenthelle.org\/accueil\/formation\/parcours-duo\/\">Parcours Duo<\/a> : pour les couples,\u00a0pour discerner sur l\u2019engagement, et donner du sens \u00e0 leur relation<\/li>\n<li><a href=\"https:\/\/saintlouisenthelle.org\/accueil\/mission\/fraternite-missionnaire-st-jean-baptiste\/\">Fraternit\u00e9 missionnaire St Jean-Baptiste<\/a> : pour les personnes voulant se former et agir dans la mission<\/li>\n<\/ul>\n","protected":false},"excerpt":{"rendered":"<p>Dans la paroisse, et selon les \u00e2ges, les formations se font \u00e0 travers diff\u00e9rentes propositions : Cat\u00e9chisme et \u00e9veil \u00e0 la foi pour les enfants Aum\u00f4nerie pour les adolescents (coll\u00e9giens)&hellip;<\/p>\n","protected":false},"author":4,"featured_media":0,"parent":3691,"menu_order":1,"comment_status":"closed","ping_status":"closed","template":"","meta":{"_lmt_disableupdate":"no","_lmt_disable":"","footnotes":""},"class_list":["post-193","page","type-page","status-publish","hentry"],"jetpack_shortlink":"https:\/\/wp.me\/P7Mpl1-37","jetpack_sharing_enabled":true,"_links":{"self":[{"href":"https:\/\/saintlouisenthelle.org\/accueil\/wp-json\/wp\/v2\/pages\/193","targetHints":{"allow":["GET"]}}],"collection":[{"href":"https:\/\/saintlouisenthelle.org\/accueil\/wp-json\/wp\/v2\/pages"}],"about":[{"href":"https:\/\/saintlouisenthelle.org\/accueil\/wp-json\/wp\/v2\/types\/page"}],"author":[{"embeddable":true,"href":"https:\/\/saintlouisenthelle.org\/accueil\/wp-json\/wp\/v2\/users\/4"}],"replies":[{"embeddable":true,"href":"https:\/\/saintlouisenthelle.org\/accueil\/wp-json\/wp\/v2\/comments?post=193"}],"version-history":[{"count":23,"href":"https:\/\/saintlouisenthelle.org\/accueil\/wp-json\/wp\/v2\/pages\/193\/revisions"}],"predecessor-version":[{"id":13591,"href":"https:\/\/saintlouisenthelle.org\/accueil\/wp-json\/wp\/v2\/pages\/193\/revisions\/13591"}],"up":[{"embeddable":true,"href":"https:\/\/saintlouisenthelle.org\/accueil\/wp-json\/wp\/v2\/pages\/3691"}],"wp:attachment":[{"href":"https:\/\/saintlouisenthelle.org\/accueil\/wp-json\/wp\/v2\/media?parent=193"}],"curies":[{"name":"wp","href":"https:\/\/api.w.org\/{rel}","templated":true}]}}

<p style="text-align: justify;">Dans la paroisse, et selon les âges, les formations se font à travers différentes propositions :</p>
<ul>
<li style="text-align: left;"><a href="https://saintlouisenthelle.org/accueil/jeunes/catechisme/">Catéchisme et éveil à la foi</a> pour les enfants</li>
<li><a href="https://saintlouisenthelle.org/accueil/jeunes/aumonerie/">Aumônerie</a> pour les adolescents (collégiens)</li>
<li><a href="https://saintlouisenthelle.org/accueil/jeunes/zileos/">Ziléos</a> pour les grands collégiens, lycéens et post-bac</li>
<li><a href="https://saintlouisenthelle.org/accueil/sacrements/bapteme-des-adultes/">Catéchuménat</a> pour les adultes cheminant vers les sacrements de l&#8217;initiation chrétienne (baptême, confirmation, eucharistie)</li>
<li style="text-align: left;"><a href="https://saintlouisenthelle.org/accueil/mission/parcours-alpha/">Parcours Alpha</a> : un parcours de 10 soirées pour toute personne souhaitant découvrir ou redécouvrir la foi chrétienne</li>
<li><a href="https://saintlouisenthelle.org/accueil/mission-formation/newpastoral/">NewPastoral</a> : rejoignez un petit groupe de maison (fraternité de proximité)</li>
<li><a href="https://saintlouisenthelle.org/accueil/formation/parcours-duo/">Parcours Duo</a> : pour les couples, pour discerner sur l’engagement, et donner du sens à leur relation</li>
<li><a href="https://saintlouisenthelle.org/accueil/mission/fraternite-missionnaire-st-jean-baptiste/">Fraternité missionnaire St Jean-Baptiste</a> : pour les personnes voulant se former et agir dans la mission</li>
</ul>

<p>Dans la paroisse, et selon les âges, les formations se font à travers différentes propositions : Catéchisme et éveil à la foi pour les enfants Aumônerie pour les adolescents (collégiens)&hellip;</p>
