{"id":182,"date":"2011-10-10T12:00:05","date_gmt":"2011-10-10T10:00:05","guid":{"rendered":"http:\/\/saintlouisenthelle.org\/?page_id=182"},"modified":"2025-07-18T08:35:58","modified_gmt":"2025-07-18T06:35:58","slug":"aumonerie","status":"publish","type":"page","link":"https:\/\/saintlouisenthelle.org\/accueil\/jeunes\/aumonerie\/","title":{"rendered":"Aum\u00f4nerie du Pays de Thelle"},"content":{"rendered":"<p style=\"text-align: justify;\"><a href=\"https:\/\/i0.wp.com\/saintlouisenthelle.org\/accueil\/wp-content\/uploads\/2019\/07\/logo-aumonerie-01.png?ssl=1\" data-rel=\"penci-gallery-image-content\" ><img data-recalc-dims=\"1\" decoding=\"async\" class=\"wp-image-7030 alignright\" src=\"https:\/\/i0.wp.com\/saintlouisenthelle.org\/accueil\/wp-content\/uploads\/2019\/07\/logo-aumonerie-01.png?resize=207%2C121&#038;ssl=1\" alt=\"\" width=\"207\" height=\"121\" srcset=\"https:\/\/i0.wp.com\/saintlouisenthelle.org\/accueil\/wp-content\/uploads\/2019\/07\/logo-aumonerie-01.png?w=960&amp;ssl=1 960w, https:\/\/i0.wp.com\/saintlouisenthelle.org\/accueil\/wp-content\/uploads\/2019\/07\/logo-aumonerie-01.png?resize=300%2C175&amp;ssl=1 300w, https:\/\/i0.wp.com\/saintlouisenthelle.org\/accueil\/wp-content\/uploads\/2019\/07\/logo-aumonerie-01.png?resize=768%2C448&amp;ssl=1 768w\" sizes=\"(max-width: 207px) 100vw, 207px\" \/><\/a><br \/>\nL\u2019<strong>Aum\u00f4nerie<\/strong> permet aux jeunes, <strong>coll\u00e9giens<\/strong> (\u00e0 partir de la classe de <strong>6<sup>e<\/sup><\/strong>), de se retrouver et de continuer \u00e0 approfondir la Foi, de recevoir les sacrements.<\/p>\n<p>&nbsp;<\/p>\n<h4><strong><em>Pour prendre contact :<br \/>\n<\/em><\/strong><\/h4>\n<ul>\n<li><strong>Sylvie Dufour<\/strong>, <em>coordinatrice de l&#8217;aum\u00f4nerie : <\/em><strong>06 03 51 71 05<\/strong><\/li>\n<li><strong>Jean-Pierre Dufour<\/strong>, <em>pr\u00e9sident de l&#8217;association des Amis de l\u2019Aum\u00f4nerie du Pays de Thelle :<\/em> 09 64 26 21 99<\/li>\n<li>email : <a href=\"mailto:amisaumoneriedupaysdethelle@laposte.net\">amisaumoneriedupaysdethelle@laposte.net<\/a><\/li>\n<\/ul>\n<p style=\"text-align: right;\"><a href=\"https:\/\/i0.wp.com\/saintlouisenthelle.org\/accueil\/wp-content\/uploads\/2019\/07\/logo-aumonerie-chambly.jpg?ssl=1\" data-rel=\"penci-gallery-image-content\" ><img data-recalc-dims=\"1\" decoding=\"async\" class=\"alignright wp-image-7031\" src=\"https:\/\/i0.wp.com\/saintlouisenthelle.org\/accueil\/wp-content\/uploads\/2019\/07\/logo-aumonerie-chambly.jpg?resize=156%2C118&#038;ssl=1\" alt=\"\" width=\"156\" height=\"118\" \/><\/a><\/p>\n<h2>Aum\u00f4nerie &#8211; ann\u00e9e 2025-2026<\/h2>\n<h3><span style=\"color: #ff0000;\">R\u00e9union de rentr\u00e9e pour les parents :<\/span><\/h3>\n<ul>\n<li>vendredi <strong><span style=\"text-decoration: underline;\">5<\/span>\u00a0septembre<\/strong> \u00e0 <strong>20h30<\/strong> \u00e0 la <strong>Maison paroissiale<\/strong> (87 Av. Verdun) <strong>de Chambly<\/strong><\/li>\n<\/ul>\n<div>\n<div>\n<div>\n<h3>Messe avec la b\u00e9n\u00e9diction des cartables : <b><br \/>\n<\/b><\/h3>\n<ul>\n<li>Dimanche <strong>7 septembre<\/strong> \u00e0 <strong>10h30<\/strong> \u00e0 l\u2019<strong>\u00e9glise de Chambly<\/strong>, avec <strong>b\u00e9n\u00e9diction des cartables<\/strong> au cours de la messe<\/li>\n<\/ul>\n<\/div>\n<\/div>\n<h2>Messe des familles de rentr\u00e9e : <b><br \/>\n<\/b><\/h2>\n<ul>\n<li>Dimanche <strong>28 septembre<\/strong>\u00a0\u00e0 <strong>10h30<\/strong> \u00e0 l\u2019<strong>\u00e9glise de<\/strong> <strong>Chambly<\/strong><\/li>\n<\/ul>\n<div>\n<h2>Forum paroissial : <b><br \/>\n<\/b><\/h2>\n<ul>\n<li>Dimanche <strong>12 octobre<\/strong> \u00e0 l\u2019<strong>\u00e9glise de Chambly :\u00a0<\/strong>\n<ul>\n<li>\u00e0 partir de <strong>9h30<\/strong> : le <strong>Forum paroissial<\/strong><\/li>\n<li>\u00e0 <strong>10h30<\/strong> : la <strong>messe des familles<\/strong><\/li>\n<\/ul>\n<\/li>\n<\/ul>\n<\/div>\n<\/div>\n<p>&nbsp;<\/p>\n<h3>Inscriptions :<\/h3>\n<ul>\n<li><span style=\"color: #ff0000;\"><strong>Inscription en ligne<\/strong><\/span>, avec le formulaire d&#8217;inscription correspondant au groupe souhait\u00e9 (voir ci-dessous : cliquez sur le lien pour acc\u00e9der au formulaire d&#8217;inscription sur ENORIA)<b><br \/>\n<\/b><\/li>\n<\/ul>\n<div>\n<ul>\n<li><strong>permanences d&#8217;inscription<\/strong> \u00e0 la <strong>Maison paroissiale de Chambly<\/strong> (87 Avenue de Verdun) :<br \/>\n\u2013 samedi <strong>30 ao\u00fbt<\/strong>\u00a0de <strong>10h<\/strong> \u00e0 <strong>midi<\/strong>, mercredi <strong>3 septembre<\/strong> de <strong>18h<\/strong> \u00e0 <strong>20h<\/strong><\/li>\n<\/ul>\n<\/div>\n<h4>Inscription en ligne :<\/h4>\n<h4>Voici les groupes d&#8217;aum\u00f4nerie pour l\u2019ann\u00e9e scolaire 2025-2026 :<br \/>\nL\u2019inscription en ligne s\u2019effectue gr\u00e2ce aux liens cliquables :<\/h4>\n<ul>\n<li><a href=\"https:\/\/public.enoria.app\/pubinsc\/gp\/516b84919955712\/open\" target=\"_blank\" rel=\"noopener\"><strong>Aum\u00f4nerie des 6<sup>e<\/sup><\/strong> (pr\u00e9paration \u00e0 la <strong>Profession de foi<\/strong>)<\/a>\u00a0: <a href=\"https:\/\/w.enoria.link\/aumonerie-chambly-6e\" target=\"_blank\" rel=\"noopener\">https:\/\/w.enoria.link\/aumonerie-chambly-6e<\/a><br \/>\nle <strong>samedi<\/strong> de <strong>10h \u00e0 midi<\/strong> (tous les 15 jours) \u00e0 la <strong>Maison paroissiale de Chambly<\/strong> avec \u00c9velyne<\/li>\n<li><a href=\"https:\/\/public.enoria.app\/pubinsc\/gp\/47b37cad1bd841b\/open\" target=\"_blank\" rel=\"noopener\"><strong>Aum\u00f4nerie des 5<sup>e<\/sup><\/strong> (pr\u00e9paration \u00e0 la <strong>Confirmation<\/strong> : <strong>1<sup>re<\/sup> ann\u00e9e<\/strong>)<\/a>\u00a0: <a href=\"https:\/\/w.enoria.link\/aumonerie-chambly-5e\" target=\"_blank\" rel=\"noopener\">https:\/\/w.enoria.link\/aumonerie-chambly-5e<\/a><br \/>\nle <strong>samedi<\/strong> de <strong>10h \u00e0 midi<\/strong> (tous les 15 jours) \u00e0 la <strong>Maison paroissiale de Chambly<\/strong> avec Carole<\/li>\n<li><a href=\"https:\/\/public.enoria.app\/pubinsc\/gp\/6a376feade25574\/open\" target=\"_blank\" rel=\"noopener\"><strong>Aum\u00f4nerie des 4<sup>e<\/sup><\/strong> (pr\u00e9paration \u00e0 la <strong>Confirmation<\/strong> : <strong>2<sup>e<\/sup> ann\u00e9e<\/strong>)<\/a>\u00a0: <a href=\"https:\/\/w.enoria.link\/aumonerie-chambly-4e-confirmation\" target=\"_blank\" rel=\"noopener\">https:\/\/w.enoria.link\/aumonerie-chambly-4e-confirmation<\/a><br \/>\nle <strong>samedi<\/strong> de <strong>10h \u00e0 11h30<\/strong> (tous les 15 jours) \u00e0 la <strong>Maison paroissiale de Chambly<\/strong> avec Jean-Paul<\/li>\n<\/ul>\n<h5>Pr\u00e9paration des sacrements du bapt\u00eame \/ de la premi\u00e8re communion pour les <span style=\"text-decoration: underline; color: #0000ff;\">coll\u00e9giens<\/span> :<\/h5>\n<ul>\n<li><a href=\"https:\/\/public.enoria.app\/pubinsc\/gp\/d54c23e795ba568\/open\" target=\"_blank\" rel=\"noopener\"><strong>Coll\u00e9giens : pr\u00e9paration au bapt\u00eame \/ \u00e0 la premi\u00e8re<\/strong><strong>\u00a0communion\u00a0<\/strong>(tous <strong>coll\u00e9giens<\/strong>)<\/a>,<br \/>\nle <strong>vendredi<\/strong>\u00a0(tous les 15 jours) \u00e0 la <strong>Maison paroissiale de Chambly<\/strong> avec Sylvie :<br \/>\n<strong>#<\/strong> <strong>coll\u00e9giens<\/strong> de <strong>6<sup>e<\/sup><\/strong> et <strong>5<sup>e<\/sup><\/strong> : de <strong>17h30 \u00e0 18h30<br \/>\n# <\/strong><strong>coll\u00e9giens<\/strong> de <strong>4<sup>e<\/sup><\/strong> et <strong>3<sup>e<\/sup><\/strong> : de <strong>18h30 \u00e0 19h30<\/strong><\/li>\n<\/ul>\n<h5>Pr\u00e9paration des sacrements du bapt\u00eame \/ de la confirmation \/ de la premi\u00e8re communion pour les <span style=\"text-decoration: underline; color: #0000ff;\">lyc\u00e9ens<\/span> :<\/h5>\n<ul>\n<li><a href=\"https:\/\/public.enoria.app\/pubinsc\/gp\/fee601dec1fc7f6\/open\" target=\"_blank\" rel=\"noopener\"><strong>Lyc\u00e9ens : pr\u00e9paration au bapt\u00eame \/ \u00e0 la confirmation \/ \u00e0 la<\/strong><strong>\u00a0premi\u00e8re communion<\/strong><\/a>,<br \/>\nle <strong>vendredi<\/strong> de <strong>20h \u00e0 21h30<\/strong> (1 fois par mois) \u00e0 la <strong>Maison paroissiale de Chambly<\/strong> avec Sylvie<\/li>\n<\/ul>\n<p>&nbsp;<\/p>\n<h3>Zil\u00e9os 14-19 ans :<\/h3>\n<p><a href=\"https:\/\/saintlouisenthelle.org\/accueil\/jeunes\/zileos\/\">Zil\u00e9os<\/a> est le groupe des jeunes \u00e0 partir de 14 ans (commun aux paroisses de Chambly et M\u00e9ru).<\/p>\n<ul>\n<li><a href=\"https:\/\/public.enoria.app\/pubinsc\/gp\/4c697d8cd863383\/open\" target=\"_blank\" rel=\"noopener\"><strong>Coll\u00e9giens de 3<sup>e<\/sup> et lyc\u00e9ens <\/strong>(ouvert \u00e0 tous)<\/a> :<br \/>\nun <strong>Dimanche apr\u00e8s-midi<\/strong> par mois et un inter-club par mois, \u00e0 la <strong>Maison paroissiale\u00a0de Bornel<\/strong>, avec S\u00e9bastien et C\u00e9line<br \/>\n\u2192 pour en savoir plus sur <a href=\"https:\/\/saintlouisenthelle.org\/accueil\/jeunes\/zileos\/\">Zil\u00e9os<\/a>, consultez <a href=\"https:\/\/saintlouisenthelle.org\/accueil\/jeunes\/zileos\/\">cette page<\/a><\/li>\n<\/ul>\n<p>&nbsp;<\/p>\n","protected":false},"excerpt":{"rendered":"<p>L\u2019Aum\u00f4nerie permet aux jeunes, coll\u00e9giens (\u00e0 partir de la classe de 6e), de se retrouver et de continuer \u00e0 approfondir la Foi, de recevoir les sacrements. &nbsp; Pour prendre contact&hellip;<\/p>\n","protected":false},"author":4,"featured_media":0,"parent":168,"menu_order":3,"comment_status":"closed","ping_status":"open","template":"","meta":{"_lmt_disableupdate":"no","_lmt_disable":"","footnotes":""},"class_list":["post-182","page","type-page","status-publish","hentry"],"jetpack_shortlink":"https:\/\/wp.me\/P7Mpl1-2W","jetpack_sharing_enabled":true,"_links":{"self":[{"href":"https:\/\/saintlouisenthelle.org\/accueil\/wp-json\/wp\/v2\/pages\/182","targetHints":{"allow":["GET"]}}],"collection":[{"href":"https:\/\/saintlouisenthelle.org\/accueil\/wp-json\/wp\/v2\/pages"}],"about":[{"href":"https:\/\/saintlouisenthelle.org\/accueil\/wp-json\/wp\/v2\/types\/page"}],"author":[{"embeddable":true,"href":"https:\/\/saintlouisenthelle.org\/accueil\/wp-json\/wp\/v2\/users\/4"}],"replies":[{"embeddable":true,"href":"https:\/\/saintlouisenthelle.org\/accueil\/wp-json\/wp\/v2\/comments?post=182"}],"version-history":[{"count":148,"href":"https:\/\/saintlouisenthelle.org\/accueil\/wp-json\/wp\/v2\/pages\/182\/revisions"}],"predecessor-version":[{"id":14151,"href":"https:\/\/saintlouisenthelle.org\/accueil\/wp-json\/wp\/v2\/pages\/182\/revisions\/14151"}],"up":[{"embeddable":true,"href":"https:\/\/saintlouisenthelle.org\/accueil\/wp-json\/wp\/v2\/pages\/168"}],"wp:attachment":[{"href":"https:\/\/saintlouisenthelle.org\/accueil\/wp-json\/wp\/v2\/media?parent=182"}],"curies":[{"name":"wp","href":"https:\/\/api.w.org\/{rel}","templated":true}]}}