{"id":17,"date":"2011-09-22T12:00:11","date_gmt":"2011-09-22T10:00:11","guid":{"rendered":"http:\/\/saintlouisenthelle.org\/?page_id=17"},"modified":"2025-11-29T21:24:15","modified_gmt":"2025-11-29T20:24:15","slug":"la-paroisse","status":"publish","type":"page","link":"https:\/\/saintlouisenthelle.org\/accueil\/la-paroisse\/","title":{"rendered":"La paroisse"},"content":{"rendered":"<ul>\n<li>\n<h4><a href=\"https:\/\/saintlouisenthelle.org\/accueil\/la-paroisse\/notre-vision-pastorale\/\">Notre vision pastorale<\/a><\/h4>\n<\/li>\n<li>\n<h4><a href=\"https:\/\/saintlouisenthelle.org\/accueil\/nous-contacter\/secretariat-paroissial\/\">Contact &#8211; renseignements<\/a><\/h4>\n<\/li>\n<li>\n<h4><a title=\"Permanences\" href=\"https:\/\/saintlouisenthelle.org\/accueil\/?page_id=88\">Accueil paroissial<\/a><\/h4>\n<\/li>\n<li>\n<h4><a href=\"https:\/\/saintlouisenthelle.org\/accueil\/la-paroisse\/oclocher\/\">OClocher appli paroissiale<\/a><\/h4>\n<\/li>\n<li>\n<h4><a href=\"https:\/\/saintlouisenthelle.org\/accueil\/la-paroisse\/base-de-donnees-paroissiale-enoria\/\">Base de donn\u00e9es paroissiale Enoria<\/a><\/h4>\n<\/li>\n<li>\n<h4><a href=\"https:\/\/saintlouisenthelle.org\/accueil\/la-paroisse\/calendrier\/\">Annonces paroissiales<\/a><\/h4>\n<\/li>\n<li>\n<h4><a href=\"https:\/\/saintlouisenthelle.org\/accueil\/la-paroisse\/horaires-de-messes\/\">Horaires des messes<\/a><\/h4>\n<\/li>\n<li>\n<h4><a title=\"Les pr\u00eatres\" href=\"https:\/\/saintlouisenthelle.org\/accueil\/?page_id=33\">Les pr\u00eatres<\/a><\/h4>\n<\/li>\n<li>\n<h4><a href=\"https:\/\/saintlouisenthelle.org\/accueil\/nous-contacter\/ecp\/\">\u00c9quipe de conduite pastorale (ECP)<\/a><\/h4>\n<\/li>\n<li>\n<h4><a href=\"https:\/\/saintlouisenthelle.org\/accueil\/la-paroisse\/sjmv\/\">La Soci\u00e9t\u00e9 Jean-Marie Vianney (SJMV)<\/a><\/h4>\n<\/li>\n<li>\n<h4><a href=\"https:\/\/saintlouisenthelle.org\/accueil\/nous-contacter\/journal-echo\/\">Journal \u00c9cho<\/a><\/h4>\n<\/li>\n<li>\n<h4><a href=\"https:\/\/saintlouisenthelle.org\/accueil\/la-paroisse\/eglises\/\">Les \u00e9glises<\/a><\/h4>\n<\/li>\n<li>\n<h4><a href=\"https:\/\/saintlouisenthelle.org\/accueil\/la-paroisse\/les-orgues-de-chambly\/\">Les Orgues de Chambly<\/a><\/h4>\n<\/li>\n<li>\n<h4><a href=\"https:\/\/saintlouisenthelle.org\/accueil\/la-paroisse\/lutter-contre-les-abus\/\">Lutter contre les abus<\/a><\/h4>\n<\/li>\n<li>\n<h4><a href=\"https:\/\/saintlouisenthelle.org\/accueil\/nous-contacter\/lettre-de-nouvelles\/\">Lettre de nouvelles (newsletter) : abonnez-vous !<\/a><\/h4>\n<\/li>\n<li>\n<h4><a title=\"Mentions l\u00e9gales\" href=\"https:\/\/saintlouisenthelle.org\/accueil\/contacts\/mentions\/\">Mentions l\u00e9gales<\/a><\/h4>\n<\/li>\n<\/ul>\n<p>&nbsp;<\/p>\n","protected":false},"excerpt":{"rendered":"<p>Notre vision pastorale Contact &#8211; renseignements Accueil paroissial OClocher appli paroissiale Base de donn\u00e9es paroissiale Enoria Annonces paroissiales Horaires des messes Les pr\u00eatres \u00c9quipe de conduite pastorale (ECP) La Soci\u00e9t\u00e9&hellip;<\/p>\n","protected":false},"author":4,"featured_media":0,"parent":0,"menu_order":1,"comment_status":"closed","ping_status":"closed","template":"","meta":{"_lmt_disableupdate":"no","_lmt_disable":"","footnotes":""},"class_list":["post-17","page","type-page","status-publish","hentry"],"jetpack_shortlink":"https:\/\/wp.me\/P7Mpl1-h","jetpack_sharing_enabled":true,"_links":{"self":[{"href":"https:\/\/saintlouisenthelle.org\/accueil\/wp-json\/wp\/v2\/pages\/17","targetHints":{"allow":["GET"]}}],"collection":[{"href":"https:\/\/saintlouisenthelle.org\/accueil\/wp-json\/wp\/v2\/pages"}],"about":[{"href":"https:\/\/saintlouisenthelle.org\/accueil\/wp-json\/wp\/v2\/types\/page"}],"author":[{"embeddable":true,"href":"https:\/\/saintlouisenthelle.org\/accueil\/wp-json\/wp\/v2\/users\/4"}],"replies":[{"embeddable":true,"href":"https:\/\/saintlouisenthelle.org\/accueil\/wp-json\/wp\/v2\/comments?post=17"}],"version-history":[{"count":50,"href":"https:\/\/saintlouisenthelle.org\/accueil\/wp-json\/wp\/v2\/pages\/17\/revisions"}],"predecessor-version":[{"id":14412,"href":"https:\/\/saintlouisenthelle.org\/accueil\/wp-json\/wp\/v2\/pages\/17\/revisions\/14412"}],"wp:attachment":[{"href":"https:\/\/saintlouisenthelle.org\/accueil\/wp-json\/wp\/v2\/media?parent=17"}],"curies":[{"name":"wp","href":"https:\/\/api.w.org\/{rel}","templated":true}]}}