{"id":166,"date":"2011-10-10T12:00:53","date_gmt":"2011-10-10T10:00:53","guid":{"rendered":"http:\/\/saintlouisenthelle.org\/?page_id=166"},"modified":"2022-02-22T12:46:44","modified_gmt":"2022-02-22T11:46:44","slug":"funerailles","status":"publish","type":"page","link":"https:\/\/saintlouisenthelle.org\/accueil\/sacrements\/funerailles\/","title":{"rendered":"Fun\u00e9railles chr\u00e9tiennes"},"content":{"rendered":"<p style=\"text-align: justify;\"><strong>La mort est le terme naturel de la vie terrestre<\/strong> ; pour les proches, c\u2019est une rupture douloureuse, parfois tragique. Face \u00e0 la mort, il est difficile de s\u2019exprimer. Devant la douleur de la s\u00e9paration, on se sent toujours petit.<\/p>\n<blockquote><p>C&#8217;est le myst\u00e8re pascal du Christ que nous c\u00e9l\u00e9brons lors des fun\u00e9railles de nos fr\u00e8res.<\/p><\/blockquote>\n<p style=\"text-align: justify;\">La liturgie chr\u00e9tienne c\u00e9l\u00e8bre les <strong>fun\u00e9railles<\/strong> de celui qui a \u00e9t\u00e9 <strong>plong\u00e9 dans la mort et la R\u00e9surrection du Christ<\/strong> au jour de <strong>son bapt\u00eame<\/strong>. <strong>L&#8217;Esp\u00e9rance<\/strong> nous soutient lorsque nous accompagnons un d\u00e9funt.<\/p>\n<p style=\"text-align: justify;\">Lors du d\u00e9c\u00e8s d&#8217;un de vos proches, la premi\u00e8re chose \u00e0 faire est de <strong>contacter une soci\u00e9t\u00e9 de Pompes fun\u00e8bres<\/strong> de votre choix. C&#8217;est elle qui prend contact avec la paroisse pour fixer la date et l&#8217;heure de la c\u00e9l\u00e9bration des fun\u00e9railles religieuses.<\/p>\n<p style=\"text-align: justify;\">Une rencontre pour <strong>pr\u00e9parer la c\u00e9l\u00e9bration<\/strong> est alors fix\u00e9e avec les membres de la famille du d\u00e9funt, avec <strong>l&#8217;\u00e9quipe Fun\u00e9railles<\/strong>\u00a0de la paroisse.<\/p>\n<p style=\"text-align: justify;\">La <strong>c\u00e9l\u00e9bration des fun\u00e9railles<\/strong> a lieu dans une \u00e9glise paroissiale.<br \/>\nLe week-end qui suit, <strong>la messe<\/strong> est c\u00e9l\u00e9br\u00e9e pour les d\u00e9funts dont les fun\u00e9railles ont \u00e9t\u00e9 c\u00e9l\u00e9br\u00e9es dans la semaine (messe anticip\u00e9e le samedi soir \u00e0 18h30, et messes du Dimanche).<\/p>\n<p style=\"text-align: justify;\">\u00c0 l&#8217;occasion du <strong>2 novembre<\/strong>, jour de <strong>comm\u00e9moration des fid\u00e8les d\u00e9funts<\/strong>, la messe est c\u00e9l\u00e9br\u00e9e pour tous les d\u00e9funts. Les familles sont invit\u00e9es \u00e0 la messe pour prier avec la communaut\u00e9 chr\u00e9tienne pour le salut de leurs d\u00e9funts.<\/p>\n<p style=\"text-align: justify;\">Le <strong>coordinateur fun\u00e9railles<\/strong> est joignable au\u00a0<strong>07 81 74 42 86<\/strong>.<\/p>\n<p>Pour aller plus loin :\u00a0<a href=\"https:\/\/eglise.catholique.fr\/approfondir-sa-foi\/la-celebration-de-la-foi\/les-grandes-fetes-chretiennes\/toussaint\/371706-mort-deuil-et-esperance\/\" target=\"_blank\" rel=\"noopener noreferrer\">\u00ab Mort, deuil et esp\u00e9rance\u00a0\u00bb<\/a><\/p>\n<p><a href=\"https:\/\/i0.wp.com\/saintlouisenthelle.org\/accueil\/wp-content\/uploads\/2018\/11\/croix.png?ssl=1\" data-rel=\"penci-gallery-image-content\" ><img data-recalc-dims=\"1\" decoding=\"async\" class=\"alignright size-full wp-image-6403\" src=\"https:\/\/i0.wp.com\/saintlouisenthelle.org\/accueil\/wp-content\/uploads\/2018\/11\/croix.png?resize=113%2C174&#038;ssl=1\" alt=\"\" width=\"113\" height=\"174\" \/><\/a><a href=\"https:\/\/i0.wp.com\/saintlouisenthelle.org\/accueil\/wp-content\/uploads\/2018\/11\/bougies.png?ssl=1\" data-rel=\"penci-gallery-image-content\" ><img data-recalc-dims=\"1\" fetchpriority=\"high\" decoding=\"async\" class=\"alignleft size-full wp-image-6404\" src=\"https:\/\/i0.wp.com\/saintlouisenthelle.org\/accueil\/wp-content\/uploads\/2018\/11\/bougies.png?resize=317%2C176&#038;ssl=1\" alt=\"\" width=\"317\" height=\"176\" srcset=\"https:\/\/i0.wp.com\/saintlouisenthelle.org\/accueil\/wp-content\/uploads\/2018\/11\/bougies.png?w=317&amp;ssl=1 317w, https:\/\/i0.wp.com\/saintlouisenthelle.org\/accueil\/wp-content\/uploads\/2018\/11\/bougies.png?resize=300%2C167&amp;ssl=1 300w\" sizes=\"(max-width: 317px) 100vw, 317px\" \/><\/a><\/p>\n","protected":false},"excerpt":{"rendered":"<p>La mort est le terme naturel de la vie terrestre ; pour les proches, c\u2019est une rupture douloureuse, parfois tragique. Face \u00e0 la mort, il est difficile de s\u2019exprimer. Devant&hellip;<\/p>\n","protected":false},"author":4,"featured_media":6719,"parent":147,"menu_order":8,"comment_status":"closed","ping_status":"open","template":"","meta":{"_lmt_disableupdate":"","_lmt_disable":"","footnotes":""},"class_list":["post-166","page","type-page","status-publish","has-post-thumbnail","hentry"],"jetpack_shortlink":"https:\/\/wp.me\/P7Mpl1-2G","jetpack_sharing_enabled":true,"_links":{"self":[{"href":"https:\/\/saintlouisenthelle.org\/accueil\/wp-json\/wp\/v2\/pages\/166","targetHints":{"allow":["GET"]}}],"collection":[{"href":"https:\/\/saintlouisenthelle.org\/accueil\/wp-json\/wp\/v2\/pages"}],"about":[{"href":"https:\/\/saintlouisenthelle.org\/accueil\/wp-json\/wp\/v2\/types\/page"}],"author":[{"embeddable":true,"href":"https:\/\/saintlouisenthelle.org\/accueil\/wp-json\/wp\/v2\/users\/4"}],"replies":[{"embeddable":true,"href":"https:\/\/saintlouisenthelle.org\/accueil\/wp-json\/wp\/v2\/comments?post=166"}],"version-history":[{"count":36,"href":"https:\/\/saintlouisenthelle.org\/accueil\/wp-json\/wp\/v2\/pages\/166\/revisions"}],"predecessor-version":[{"id":11239,"href":"https:\/\/saintlouisenthelle.org\/accueil\/wp-json\/wp\/v2\/pages\/166\/revisions\/11239"}],"up":[{"embeddable":true,"href":"https:\/\/saintlouisenthelle.org\/accueil\/wp-json\/wp\/v2\/pages\/147"}],"wp:featuredmedia":[{"embeddable":true,"href":"https:\/\/saintlouisenthelle.org\/accueil\/wp-json\/wp\/v2\/media\/6719"}],"wp:attachment":[{"href":"https:\/\/saintlouisenthelle.org\/accueil\/wp-json\/wp\/v2\/media?parent=166"}],"curies":[{"name":"wp","href":"https:\/\/api.w.org\/{rel}","templated":true}]}}