{"id":160,"date":"2011-10-10T12:00:07","date_gmt":"2011-10-10T10:00:07","guid":{"rendered":"http:\/\/saintlouisenthelle.org\/?page_id=160"},"modified":"2023-05-15T20:23:29","modified_gmt":"2023-05-15T18:23:29","slug":"confirmation","status":"publish","type":"page","link":"https:\/\/saintlouisenthelle.org\/accueil\/sacrements\/confirmation\/","title":{"rendered":"Confirmation"},"content":{"rendered":"<blockquote>\n<p style=\"text-align: justify;\">Apr\u00e8s le bapt\u00eame l\u2019initiation chr\u00e9tienne se poursuit par le sacrement de <strong>confirmation<\/strong> o\u00f9 les fid\u00e8les re\u00e7oivent l\u2019effusion de l\u2019Esprit Saint, envoy\u00e9 sur les Ap\u00f4tres le jour de la Pentec\u00f4te.\u00a0Par ce don, \u00ab\u00a0ils sont rendus plus parfaitement semblables au Christ, et sont fortifi\u00e9s de la force de l\u2019Esprit pour rendre t\u00e9moignage au Christ. \u00bb<br \/>\n\u2013\u00a0<em>Rituel de la confirmation<\/em>, 6.<\/p>\n<\/blockquote>\n<h2>Qu&#8217;est-ce que la confirmation ?<\/h2>\n<p style=\"text-align: justify;\"><a href=\"https:\/\/i0.wp.com\/saintlouisenthelle.org\/accueil\/wp-content\/uploads\/2016\/08\/Confirmation.png?ssl=1\" data-rel=\"penci-gallery-image-content\" ><img data-recalc-dims=\"1\" decoding=\"async\" class=\"size-full wp-image-5079 alignright\" src=\"https:\/\/i0.wp.com\/saintlouisenthelle.org\/accueil\/wp-content\/uploads\/2016\/08\/Confirmation.png?resize=216%2C233&#038;ssl=1\" alt=\"Confirmation\" width=\"216\" height=\"233\" \/><\/a>La\u00a0confirmation\u00a0accomplit le don du\u00a0Bapt\u00eame. C&#8217;est le\u00a0sacrement\u00a0qui donne l&#8217;Esprit Saint\u00a0pour nous enraciner plus profond\u00e9ment dans notre vie d&#8217;enfant de Dieu, nous unir plus fermement au Christ, rendre plus solide notre lien \u00e0 l&#8217;\u00c9glise, nous associer davantage \u00e0 sa mission et nous aider \u00e0 rendre t\u00e9moignage de la foi chr\u00e9tienne par nos paroles et nos actions.<\/p>\n<p style=\"text-align: justify;\">Comme le\u00a0bapt\u00eame, la\u00a0confirmation\u00a0imprime dans le chr\u00e9tien une marque ineffa\u00e7able. Ce sacrement\u00a0ne peut donc \u00eatre re\u00e7u qu&#8217;une seule fois.<\/p>\n<p>Pour en savoir davantage : <a href=\"https:\/\/liturgie.catholique.fr\/accueil\/initiation-chretienne\/la-confirmation\/\" target=\"_blank\" rel=\"noopener noreferrer\">La Confirmation<\/a> sur le site&#8221;Liturgie et sacrements&#8221;<\/p>\n<h2>Comment puis-je \u00eatre confirm\u00e9 ?<\/h2>\n<h3 style=\"text-align: justify;\">Les jeunes<\/h3>\n<p style=\"text-align: justify;\">Pour les <strong>jeunes<\/strong> (coll\u00e9giens ou lyc\u00e9ens), les sacrements sont pr\u00e9par\u00e9s avec\u00a0<strong><span style=\"color: #0067ce;\"><span style=\"caret-color: #0067ce;\"><u>l&#8217;Aum\u00f4nerie<\/u><\/span><\/span><\/strong>\u00a0: ils se pr\u00e9parent \u00e0 recevoir ce sacrement dans un groupe de jeunes se r\u00e9unissant r\u00e9guli\u00e8rement, et font une retraite avant la c\u00e9l\u00e9bration de la Confirmation qui est donn\u00e9e par notre \u00e9v\u00eaque (ou son d\u00e9l\u00e9gu\u00e9) au cours d&#8217;une messe paroissiale.<br \/>\n\u2192 prenez <strong><a href=\"https:\/\/saintlouisenthelle.org\/accueil\/jeunes\/aumonerie\/\">contact avec l&#8217;Aum\u00f4nerie du Pays de Thelle<\/a><\/strong>\u00a0!<\/p>\n<h3 style=\"text-align: justify;\">Les adultes<\/h3>\n<p style=\"text-align: justify;\">Pour les <strong>adultes<\/strong>, les sacrements sont pr\u00e9par\u00e9s au sein de l\u2019\u00e9quipe du <strong>Cat\u00e9chum\u00e9nat<\/strong>. Les adultes participent aux rencontres en paroisse, ainsi qu&#8217;\u00e0 quelques rendez-vous dioc\u00e9sains, dont la c\u00e9l\u00e9bration de la confirmation qui est donn\u00e9e par notre \u00e9v\u00eaque lors d&#8217;une grande messe dans une des cath\u00e9drale de l&#8217;Oise (Beauvais, Noyon ou Senlis), dans l&#8217;apr\u00e8s-midi du Dimanche de la Pentec\u00f4te.<br \/>\n\u2192 prenez <a href=\"https:\/\/saintlouisenthelle.org\/accueil\/la-paroisse\/accueil\/\">contact\u00a0avec l&#8217;Accueil de la paroisse<\/a> !<\/p>\n<p><strong>Presbyt\u00e8re de Chambly :<br \/>\n<\/strong><a href=\"https:\/\/fr.mappy.com\/plan#\/87%20Avenue%20de%20Verdun%2C%2060230%20Chambly\" target=\"_blank\" rel=\"noopener noreferrer\">87 Avenue de Verdun<\/a> \u00e0 Chambly<\/p>\n<ul>\n<li>mercredi de 18h \u00e0 19h30<\/li>\n<li>samedi de 10h \u00e0 11h30<\/li>\n<\/ul>\n<p><strong><br \/>\nMaison paroissiale Sainte Jeanne d\u2019Arc \u00e0 Neuilly-en-Thelle :<br \/>\n<\/strong><a href=\"https:\/\/fr.mappy.com\/plan#\/1%20Chemin%20Jeanne%20d'Arc%2C%2060530%20Neuilly-en-Thelle\" target=\"_blank\" rel=\"noopener\">1 chemin Jeanne d\u2019Arc<\/a>\u00a0\u00e0 Neuilly-en-Thelle<strong><br \/>\n<\/strong><\/p>\n<ul>\n<li>samedi de 10h \u00e0 11h30<\/li>\n<\/ul>\n<p>&nbsp;<\/p>\n<div style=\"position: relative; padding-bottom: 56.25%; height: 0; overflow: hidden;\"><iframe style=\"width: 100%; height: 100%; position: absolute; left: 0px; top: 0px; overflow: hidden;\" src=\"https:\/\/www.dailymotion.com\/embed\/video\/x834z9v?autoplay=1\" width=\"100%\" height=\"100%\" frameborder=\"0\" allowfullscreen=\"allowfullscreen\"> <\/iframe><\/div>\n<h2>Pour d\u00e9couvrir et aller plus loin :<\/h2>\n<ul>\n<li>Le sacrement de <a href=\"https:\/\/eglise.catholique.fr\/approfondir-sa-foi\/la-celebration-de-la-foi\/les-sacrements\/la-confirmation\/\" target=\"_blank\" rel=\"noopener\">la confirmation<\/a><\/li>\n<li><a href=\"https:\/\/eglise.catholique.fr\/approfondir-sa-foi\/la-celebration-de-la-foi\/les-sacrements\/la-confirmation\/371024-confirmation\/\" target=\"_blank\" rel=\"noopener\">Qu&#8217;est-ce que la confirmation ?<\/a><\/li>\n<li><a href=\"https:\/\/eglise.catholique.fr\/approfondir-sa-foi\/la-celebration-de-la-foi\/les-sacrements\/la-confirmation\/437363-qui-peut-recevoir-confirmation-age\/\" target=\"_blank\" rel=\"noopener\">Qui peut recevoir le sacrement de confirmation ?<\/a><\/li>\n<li><a href=\"https:\/\/eglise.catholique.fr\/approfondir-sa-foi\/la-celebration-de-la-foi\/les-sacrements\/la-confirmation\/425594-ma-vie-va-t-elle-changer-apres-le-sacrement-de-la-confirmation\/\" target=\"_blank\" rel=\"noopener\">Ma vie va-t-elle changer apr\u00e8s le sacrement de la confirmation ?<\/a><\/li>\n<\/ul>\n<p>&nbsp;<\/p>\n","protected":false},"excerpt":{"rendered":"<p>Apr\u00e8s le bapt\u00eame l\u2019initiation chr\u00e9tienne se poursuit par le sacrement de confirmation o\u00f9 les fid\u00e8les re\u00e7oivent l\u2019effusion de l\u2019Esprit Saint, envoy\u00e9 sur les Ap\u00f4tres le jour de la Pentec\u00f4te.\u00a0Par ce&hellip;<\/p>\n","protected":false},"author":4,"featured_media":0,"parent":147,"menu_order":3,"comment_status":"closed","ping_status":"closed","template":"","meta":{"_lmt_disableupdate":"","_lmt_disable":"","footnotes":""},"class_list":["post-160","page","type-page","status-publish","hentry"],"jetpack_shortlink":"https:\/\/wp.me\/P7Mpl1-2A","jetpack_sharing_enabled":true,"_links":{"self":[{"href":"https:\/\/saintlouisenthelle.org\/accueil\/wp-json\/wp\/v2\/pages\/160","targetHints":{"allow":["GET"]}}],"collection":[{"href":"https:\/\/saintlouisenthelle.org\/accueil\/wp-json\/wp\/v2\/pages"}],"about":[{"href":"https:\/\/saintlouisenthelle.org\/accueil\/wp-json\/wp\/v2\/types\/page"}],"author":[{"embeddable":true,"href":"https:\/\/saintlouisenthelle.org\/accueil\/wp-json\/wp\/v2\/users\/4"}],"replies":[{"embeddable":true,"href":"https:\/\/saintlouisenthelle.org\/accueil\/wp-json\/wp\/v2\/comments?post=160"}],"version-history":[{"count":49,"href":"https:\/\/saintlouisenthelle.org\/accueil\/wp-json\/wp\/v2\/pages\/160\/revisions"}],"predecessor-version":[{"id":12309,"href":"https:\/\/saintlouisenthelle.org\/accueil\/wp-json\/wp\/v2\/pages\/160\/revisions\/12309"}],"up":[{"embeddable":true,"href":"https:\/\/saintlouisenthelle.org\/accueil\/wp-json\/wp\/v2\/pages\/147"}],"wp:attachment":[{"href":"https:\/\/saintlouisenthelle.org\/accueil\/wp-json\/wp\/v2\/media?parent=160"}],"curies":[{"name":"wp","href":"https:\/\/api.w.org\/{rel}","templated":true}]}}