{"id":13398,"date":"2024-10-22T12:00:16","date_gmt":"2024-10-22T10:00:16","guid":{"rendered":"https:\/\/saintlouisenthelle.org\/accueil\/?page_id=13398"},"modified":"2025-10-04T21:00:54","modified_gmt":"2025-10-04T19:00:54","slug":"ateliers-des-ptits-louis","status":"publish","type":"page","link":"https:\/\/saintlouisenthelle.org\/accueil\/jeunes\/ateliers-des-ptits-louis\/","title":{"rendered":"Ateliers des P&#8217;tits Louis"},"content":{"rendered":"<h1 style=\"text-align: center;\"><em>Ann\u00e9e 2025-2026<\/em><\/h1>\n<p>&nbsp;<\/p>\n<blockquote><p>L&#8217;\u00e9quipe des Ateliers des P&#8217;tits Louis propose des activit\u00e9s ludiques et culturelles pour les enfants et les adultes<\/p><\/blockquote>\n<h3>Aide aux devoirs :<\/h3>\n<p><a href=\"https:\/\/w.enoria.link\/aide-aux-devoirs\" target=\"_blank\" rel=\"noopener\"><img data-recalc-dims=\"1\" decoding=\"async\" class=\"aligncenter wp-image-14277 size-medium\" src=\"https:\/\/i0.wp.com\/saintlouisenthelle.org\/accueil\/wp-content\/uploads\/2025\/10\/aide-aux-devoirs-2025-2026.jpg?resize=212%2C300&#038;ssl=1\" alt=\"\" width=\"212\" height=\"300\" \/><\/a><i>Tu as besoin d&#8217;aide ? Tu es peut-\u00eatre seul(e) pour faire tes devoirs ? Tu veux apprendre autrement ? Ou \u00eatre avec tes copains pour r\u00e9fl\u00e9chir ensemble ? Alors viens nous rejoindre !<\/i><\/p>\n<ul>\n<li>pour les <strong>\u00e9l\u00e8ves<\/strong>\u00a0du <strong>CP<\/strong> \u00e0 la <strong>3<sup>e<\/sup><\/strong><\/li>\n<li>les rencontres ont lieu le <strong>mercredi<\/strong> en p\u00e9riode scolaire, de <strong>17h<\/strong>\u00a0\u00e0 <strong>19h<\/strong>, \u00e0 la <strong>Maison paroissiale de Chambly<\/strong> (87 Avenue de Verdun), selon le calendrier fourni<\/li>\n<li><strong>infos et inscription<\/strong> : <a href=\"https:\/\/w.enoria.link\/aide-aux-devoirs\" target=\"_blank\" rel=\"noopener\" data-saferedirecturl=\"https:\/\/www.google.com\/url?q=https:\/\/w.enoria.link\/aide-aux-devoirs&amp;source=gmail&amp;ust=1729851370311000&amp;usg=AOvVaw3fHHUS6b06OCYu8YLUOFOT\">https:\/\/w.enoria.link\/aide-<wbr \/>aux-devoirs<\/a><\/li>\n<li><strong>Christelle Vasseur<\/strong> &#8211; \u202d06 65 19 80 53\u202c &#8211; <a href=\"mailto:christellevasseur60230@gmail.com\">christellevasseur60230@gmail.com<\/a><\/li>\n<\/ul>\n<h3>Atelier bricolage :<\/h3>\n<p style=\"text-align: justify;\"><i><a href=\"https:\/\/w.enoria.link\/atelier-bricolage\" target=\"_blank\" rel=\"noopener\"><img data-recalc-dims=\"1\" decoding=\"async\" class=\"aligncenter wp-image-14278 size-medium\" src=\"https:\/\/i0.wp.com\/saintlouisenthelle.org\/accueil\/wp-content\/uploads\/2025\/10\/atelier-bricolage-2025-2026.jpg?resize=212%2C300&#038;ssl=1\" alt=\"\" width=\"212\" height=\"300\" \/><\/a>Envie de cr\u00e9er des objets de vos mains ? De passer un moment fraternel ? Ou de partager votre savoir ? N&#8217;h\u00e9sitez plus : inscrivez-vous \u00e0 l&#8217;atelier bricolage. Nous serons ravis de vous accueillir !<\/i><\/p>\n<ul>\n<li>pour les <strong>enfants<\/strong> (\u00e0 partir de l&#8217;\u00e2ge de 4 ans) et\u00a0les <strong>adultes<\/strong><\/li>\n<li>les rencontres ont lieu un <strong>samedi<\/strong> par mois, de <strong>14h30<\/strong> \u00e0 <strong>16h30<\/strong>, \u00e0 la <strong>Maison paroissiale de Chambly<\/strong> (87 Avenue de Verdun) : 27\/09 \u2022 11\/10 \u2022 29\/11 \u2022 13\/12 \u2022 17\/01 \u2022 28\/02 \u2022 28\/03 \u2022 25\/04 \u2022 30\/05 \u2022 27\/06<\/li>\n<li><strong>infos et inscription<\/strong> : <a href=\"https:\/\/w.enoria.link\/atelier-bricolage\" target=\"_blank\" rel=\"noopener\" data-saferedirecturl=\"https:\/\/www.google.com\/url?q=https:\/\/w.enoria.link\/atelier-bricolage&amp;source=gmail&amp;ust=1729851370311000&amp;usg=AOvVaw0MXl76kgba65amptKu8UYK\">https:\/\/w.enoria.link\/<wbr \/>atelier-bricolage<\/a><\/li>\n<li><strong>Julien Boufflet-Gueye<\/strong> &#8211; \u202d06 79 93 63 87\u202c &#8211; <a href=\"mailto:julien-boufflet@orange.fr\">julien-boufflet@orange.fr<\/a><\/li>\n<\/ul>\n<h3>Atelier cuisine :<\/h3>\n<p style=\"text-align: justify;\"><i><a href=\"https:\/\/w.enoria.link\/atelier-cuisine\" target=\"_blank\" rel=\"noopener\"><img data-recalc-dims=\"1\" decoding=\"async\" class=\"aligncenter wp-image-14279 size-medium\" src=\"https:\/\/i0.wp.com\/saintlouisenthelle.org\/accueil\/wp-content\/uploads\/2025\/10\/atelier-cuisine-2025-2026.jpg?resize=212%2C300&#038;ssl=1\" alt=\"\" width=\"212\" height=\"300\" \/><\/a>Les P&#8217;tits Louis vous proposent un atelier cuisine d&#8217;une dur\u00e9e de 2h, deux fois par mois. \u00c0\u00a0chaque rencontre, une recette diff\u00e9rente mettra \u00e0 l&#8217;honneur des produits de saison ! Venez partager un moment de joie, de bonne humeur et de louange dans une ambiance fraternelle ! Pr\u00e9parez-vous \u00e0 cuisiner ensemble, petits et grands, dans une atmosph\u00e8re chaleureuse ! N&#8217;oubliez pas d&#8217;apporter votre tablier et vos meilleures id\u00e9es culinaires ! Au plaisir de cuisiner avec vous !<\/i><\/p>\n<ul>\n<li>pour les <strong>adultes<\/strong> et <strong>enfants<\/strong> (\u00e0 partir de l&#8217;\u00e2ge de 6\u00a0ans)<\/li>\n<li>les rencontres ont les <strong>deux premiers lundis<\/strong> de chaque mois en p\u00e9riode scolaire, de <strong>17h30<\/strong> \u00e0 <strong>19h30<\/strong>, \u00e0 la <strong>Maison paroissiale de Chambly<\/strong> (87 Avenue de Verdun)<\/li>\n<li><strong>infos et inscription<\/strong> : <a href=\"https:\/\/w.enoria.link\/atelier-cuisine\" target=\"_blank\" rel=\"noopener\" data-saferedirecturl=\"https:\/\/www.google.com\/url?q=https:\/\/w.enoria.link\/atelier-cuisine&amp;source=gmail&amp;ust=1729851370311000&amp;usg=AOvVaw38lYFIjSex7YFRc0L7pxrP\">https:\/\/w.enoria.link\/<wbr \/>atelier-cuisine<\/a><\/li>\n<li><strong>Myriam Cabuk<\/strong> &#8211; \u202d06 29 16 09 32\u202c &#8211; <a href=\"mailto:myriam.cabuk71@gmail.com\">myriam.cabuk71@gmail.com<\/a><\/li>\n<\/ul>\n<h3>Atelier culture :<\/h3>\n<p style=\"text-align: justify;\"><i><a href=\"https:\/\/w.enoria.link\/atelier-culture\" target=\"_blank\" rel=\"noopener\"><img data-recalc-dims=\"1\" decoding=\"async\" class=\"aligncenter wp-image-14280 size-medium\" src=\"https:\/\/i0.wp.com\/saintlouisenthelle.org\/accueil\/wp-content\/uploads\/2025\/10\/atelier-culture-2025-2026.jpg?resize=212%2C300&#038;ssl=1\" alt=\"\" width=\"212\" height=\"300\" \/><\/a>Amoureux des livres et\/ou des films ? Autour d&#8217;une boisson, venez d\u00e9couvrir, une soir\u00e9e par mois, de nouvelles \u0153uvres ; et venez t\u00e9moigner sur celles qui vous ont fait vibrer !<\/i><\/p>\n<ul>\n<li>pour les <strong>jeunes<\/strong> (\u00e0 partir de 13 ans) et les <strong>adultes<\/strong><\/li>\n<li>les rencontres ont lieu un <strong>vendredi<\/strong> par mois, de <strong>20h30<\/strong> \u00e0 <strong>22h<\/strong>, \u00e0 la <strong>Maison paroissiale de Chambly<\/strong> (87 Avenue de Verdun) : 03\/10 \u2022 07\/11 \u2022 05\/12 \u2022 09\/01 \u2022 06\/02 \u2022 06\/03 \u2022 10\/04 \u2022 29\/05 \u2022 19\/06<\/li>\n<li><strong>infos et inscription<\/strong> : <a href=\"https:\/\/w.enoria.link\/atelier-culture\" target=\"_blank\" rel=\"noopener\" data-saferedirecturl=\"https:\/\/www.google.com\/url?q=https:\/\/w.enoria.link\/atelier-culture&amp;source=gmail&amp;ust=1729851370311000&amp;usg=AOvVaw2Eyyl1SQp2fa8Agg14V0OW\">https:\/\/w.enoria.link\/<wbr \/>atelier-culture<\/a><br \/>\n<strong>Christelle Vasseur<\/strong> &#8211; \u202d06 65 19 80 53\u202c &#8211; <a href=\"mailto:christellevasseur60230@gmail.com\">christellevasseur60230@gmail.com<\/a><\/li>\n<\/ul>\n<h3>Atelier th\u00e9\u00e2tre :<\/h3>\n<p style=\"text-align: justify;\"><i><a href=\"https:\/\/w.enoria.link\/atelier-theatre\" target=\"_blank\" rel=\"noopener\"><img data-recalc-dims=\"1\" decoding=\"async\" class=\"aligncenter wp-image-14281 size-medium\" src=\"https:\/\/i0.wp.com\/saintlouisenthelle.org\/accueil\/wp-content\/uploads\/2025\/10\/atelier-theatre-2025-2026.jpg?resize=212%2C300&#038;ssl=1\" alt=\"\" width=\"212\" height=\"300\" \/><\/a>Vous cherchez un moyen de vivre mille vies en une ?\u00a0 Alors cet atelier est ce qu\u2019il vous faut ! Que vous soyez \u00e0 l\u2019aise ou non en public, venez rel\u00e2cher la pression en vous exprimant avec votre corps. C\u2019est l\u2019occasion ou jamais d\u2019endosser des r\u00f4les que vous n\u2019exercerez jamais dans votre vie ! Vous ne pourrez plus vous passer de ces petites bouff\u00e9es d\u2019air frais, de ces petites pauses dans votre semaine !<\/i><\/p>\n<ul>\n<li>pour les <strong>adultes<\/strong> et les <strong>jeunes<\/strong> (\u00e0 partir de la classe de <strong>5<sup>e<\/sup><\/strong>)<\/li>\n<li>les rencontres ont lieu tous les <strong>jeudis<\/strong>, de <strong>20h<\/strong>\u00a0\u00e0 <strong>21h30<\/strong>, \u00e0 la <strong>Maison paroissiale de Chambly<\/strong> (87 Avenue de Verdun)<\/li>\n<li><strong>infos et inscription<\/strong> : <a href=\"https:\/\/w.enoria.link\/atelier-theatre\" target=\"_blank\" rel=\"noopener\" data-saferedirecturl=\"https:\/\/www.google.com\/url?q=https:\/\/w.enoria.link\/atelier-theatre&amp;source=gmail&amp;ust=1729851370311000&amp;usg=AOvVaw0ZfJhbPaxigUWa0prQXOtA\">https:\/\/w.enoria.link\/<wbr \/>atelier-theatre<\/a><\/li>\n<li><strong>Aby Boufflet-Gueye<\/strong> &#8211; \u202d06 23 42 76 56\u202c &#8211; <a href=\"mailto:myriam.cabuk71@gmail.com\">aby.gueyebigot@gmail.com<\/a><\/li>\n<\/ul>\n<h3>Atelier th\u00e9\u00e2tre enfants :<\/h3>\n<p style=\"text-align: justify;\"><i><a href=\"https:\/\/w.enoria.link\/atelier-theatre-enfants\" target=\"_blank\" rel=\"noopener\"><img data-recalc-dims=\"1\" decoding=\"async\" class=\"aligncenter wp-image-14282 size-medium\" src=\"https:\/\/i0.wp.com\/saintlouisenthelle.org\/accueil\/wp-content\/uploads\/2025\/10\/atelier-theatre-enfants-2025-2026.jpg?resize=212%2C300&#038;ssl=1\" alt=\"\" width=\"212\" height=\"300\" \/><\/a>C\u2019est le moment ou jamais pour votre enfant d\u2019apprendre \u00e0 vaincre sa timidit\u00e9 et \u00e0 se l\u00e2cher ! Il endossera des r\u00f4les tous plus amusants les uns que les autres, participera \u00e0 des jeux ludiques et cr\u00e9atifs, et montera sur sc\u00e8ne pour le spectacle de fin d\u2019ann\u00e9e\u00a0!<br \/>\n<\/i><\/p>\n<ul>\n<li style=\"list-style-type: none;\">\n<ul>\n<li>pour les <strong>enfants<\/strong>, du CE1 \u00e0 la 6<sup>e\u00a0 <\/sup>(la ma\u00eetrise de la lecture est n\u00e9cessaire)<\/li>\n<li>les rencontres ont lieu <strong>un samedi sur deux<\/strong>, de <strong>14h30<\/strong> \u00e0 <strong>16h30<\/strong>, \u00e0 la <strong>Maison paroissiale de Chambly<\/strong> (87 Avenue de Verdun) : 04\/10 \u2022 18\/10 \u2022 08\/11 \u2022 22\/11 \u2022 06\/12 \u2022 20\/12 \u2022 10\/01 \u2022 24\/01 \u2022 07\/02 \u2022 21\/02 \u2022 07\/03 \u2022 21\/03 \u2022 04\/04 \u2022 18\/04 \u2022\u00a009\/05 \u2022\u00a023\/05 \u2022\u00a013\/06<\/li>\n<li><strong>infos et inscription<\/strong> : <a href=\"https:\/\/w.enoria.link\/atelier-theatre-enfants\" target=\"_blank\" rel=\"noopener\" data-saferedirecturl=\"https:\/\/www.google.com\/url?q=https:\/\/w.enoria.link\/atelier-theatre-enfants&amp;source=gmail&amp;ust=1729851370311000&amp;usg=AOvVaw3X9DByu-5OZJlRRXhGdes1\">https:\/\/w.enoria.link\/<wbr \/>atelier-theatre-enfants<\/a><\/li>\n<li><strong>Julien Boufflet-Gueye<\/strong> \u2013 06 79 93 63 87 \u2013 <a href=\"mailto:julien-boufflet@orange.fr\" target=\"_blank\" rel=\"noopener\">julien-boufflet@orange.fr<\/a><\/li>\n<\/ul>\n<\/li>\n<\/ul>\n<h3>Soir\u00e9es jeux de soci\u00e9t\u00e9 :<\/h3>\n<p style=\"text-align: justify;\"><a href=\"https:\/\/w.enoria.link\/soirees-jeux-de-societe\" target=\"_blank\" rel=\"noopener\"><img data-recalc-dims=\"1\" decoding=\"async\" class=\"aligncenter wp-image-14275 size-medium\" src=\"https:\/\/i0.wp.com\/saintlouisenthelle.org\/accueil\/wp-content\/uploads\/2025\/10\/soirees-jeux-societe-2025-26.jpg?resize=212%2C300&#038;ssl=1\" alt=\"\" width=\"212\" height=\"300\" srcset=\"https:\/\/i0.wp.com\/saintlouisenthelle.org\/accueil\/wp-content\/uploads\/2025\/10\/soirees-jeux-societe-2025-26.jpg?resize=212%2C300&amp;ssl=1 212w, https:\/\/i0.wp.com\/saintlouisenthelle.org\/accueil\/wp-content\/uploads\/2025\/10\/soirees-jeux-societe-2025-26.jpg?resize=585%2C828&amp;ssl=1 585w, https:\/\/i0.wp.com\/saintlouisenthelle.org\/accueil\/wp-content\/uploads\/2025\/10\/soirees-jeux-societe-2025-26.jpg?w=600&amp;ssl=1 600w\" sizes=\"(max-width: 212px) 100vw, 212px\" \/><\/a><i>Un samedi par mois, \u00e0 la Maison paroissiale de Chambly, venez d\u00e9fier d\u2019autres joueurs aux plus c\u00e9l\u00e8bres jeux de soci\u00e9t\u00e9\u00a0!<\/i><\/p>\n<ul>\n<li>prochaine soir\u00e9e : <a href=\"https:\/\/saintlouisenthelle.org\/accueil\/soiree-jeux-societe\/\">Soir\u00e9es jeux de soci\u00e9t\u00e9<\/a><\/li>\n<li>pour les <strong>enfants<\/strong> \u00e0 partir de 4 ans, <strong>jeunes<\/strong> et <strong>adultes<\/strong><\/li>\n<li><strong>inscription<\/strong> (pour avoir les rappels des soir\u00e9es) : <a href=\"https:\/\/w.enoria.link\/soirees-jeux-de-societe\" target=\"_blank\" rel=\"noopener\" data-saferedirecturl=\"https:\/\/www.google.com\/url?q=https:\/\/w.enoria.link\/soirees-jeux-de-societe&amp;source=gmail&amp;ust=1729851370311000&amp;usg=AOvVaw17IKaKG0MRxfwddyT_GFLR\">https:\/\/w.enoria.link\/<wbr \/>soirees-jeux-de-societe<\/a><\/li>\n<li><strong>Aby et Julien Boufflet-Gueye<\/strong> &#8211; \u202d06 23 42 76 56\u202c &#8211; <a href=\"mailto:myriam.cabuk71@gmail.com\">aby.gueyebigot@gmail.com<\/a><\/li>\n<\/ul>\n<p>&nbsp;<\/p>\n","protected":false},"excerpt":{"rendered":"<p>Ann\u00e9e 2025-2026 &nbsp; L&#8217;\u00e9quipe des Ateliers des P&#8217;tits Louis propose des activit\u00e9s ludiques et culturelles pour les enfants et les adultes Aide aux devoirs : Tu as besoin d&#8217;aide ?&hellip;<\/p>\n","protected":false},"author":4,"featured_media":13448,"parent":168,"menu_order":7,"comment_status":"closed","ping_status":"closed","template":"","meta":{"_lmt_disableupdate":"no","_lmt_disable":"","footnotes":""},"class_list":["post-13398","page","type-page","status-publish","has-post-thumbnail","hentry"],"jetpack_shortlink":"https:\/\/wp.me\/P7Mpl1-3u6","jetpack_sharing_enabled":true,"_links":{"self":[{"href":"https:\/\/saintlouisenthelle.org\/accueil\/wp-json\/wp\/v2\/pages\/13398","targetHints":{"allow":["GET"]}}],"collection":[{"href":"https:\/\/saintlouisenthelle.org\/accueil\/wp-json\/wp\/v2\/pages"}],"about":[{"href":"https:\/\/saintlouisenthelle.org\/accueil\/wp-json\/wp\/v2\/types\/page"}],"author":[{"embeddable":true,"href":"https:\/\/saintlouisenthelle.org\/accueil\/wp-json\/wp\/v2\/users\/4"}],"replies":[{"embeddable":true,"href":"https:\/\/saintlouisenthelle.org\/accueil\/wp-json\/wp\/v2\/comments?post=13398"}],"version-history":[{"count":12,"href":"https:\/\/saintlouisenthelle.org\/accueil\/wp-json\/wp\/v2\/pages\/13398\/revisions"}],"predecessor-version":[{"id":14304,"href":"https:\/\/saintlouisenthelle.org\/accueil\/wp-json\/wp\/v2\/pages\/13398\/revisions\/14304"}],"up":[{"embeddable":true,"href":"https:\/\/saintlouisenthelle.org\/accueil\/wp-json\/wp\/v2\/pages\/168"}],"wp:featuredmedia":[{"embeddable":true,"href":"https:\/\/saintlouisenthelle.org\/accueil\/wp-json\/wp\/v2\/media\/13448"}],"wp:attachment":[{"href":"https:\/\/saintlouisenthelle.org\/accueil\/wp-json\/wp\/v2\/media?parent=13398"}],"curies":[{"name":"wp","href":"https:\/\/api.w.org\/{rel}","templated":true}]}}