{"id":12354,"date":"2023-03-19T09:36:35","date_gmt":"2023-03-19T08:36:35","guid":{"rendered":"https:\/\/saintlouisenthelle.org\/accueil\/?page_id=12354"},"modified":"2023-12-11T11:13:25","modified_gmt":"2023-12-11T10:13:25","slug":"equipes-notre-dame","status":"publish","type":"page","link":"https:\/\/saintlouisenthelle.org\/accueil\/mission-formation\/equipes-notre-dame\/","title":{"rendered":"Equipes Notre-Dame"},"content":{"rendered":"<p><img data-recalc-dims=\"1\" decoding=\"async\" class=\"aligncenter size-full wp-image-12355\" src=\"https:\/\/i0.wp.com\/saintlouisenthelle.org\/accueil\/wp-content\/uploads\/2023\/03\/equipes-notre-dame.jpg?resize=552%2C252&#038;ssl=1\" alt=\"\" width=\"552\" height=\"252\" srcset=\"https:\/\/i0.wp.com\/saintlouisenthelle.org\/accueil\/wp-content\/uploads\/2023\/03\/equipes-notre-dame.jpg?w=552&amp;ssl=1 552w, https:\/\/i0.wp.com\/saintlouisenthelle.org\/accueil\/wp-content\/uploads\/2023\/03\/equipes-notre-dame.jpg?resize=300%2C137&amp;ssl=1 300w\" sizes=\"(max-width: 552px) 100vw, 552px\" \/><\/p>\n<p>Les <strong>\u00c9quipes Notre-Dame (END)<\/strong> proposent aux couples chr\u00e9tiens unis par le sacrement de mariage :<\/p>\n<ul>\n<li>Un lieu privil\u00e9gi\u00e9 pour vivre l\u2019\u00c9vangile<\/li>\n<li>Un moyen pour \u00eatre heureux en couple et en famille<\/li>\n<li>Un cheminement et une entraide entre couples<\/li>\n<\/ul>\n<p>&nbsp;<\/p>\n<h3>Une vie d&#8217;\u00e9quipe\u00a0:<\/h3>\n<p>L&#8217;\u00e9quipe, constitu\u00e9e de 4 \u00e0 5 couples chr\u00e9tiens accompagn\u00e9s d&#8217;un pr\u00eatre, se r\u00e9unit une fois par mois.<\/p>\n<h3>Sous le regard de Dieu, les membres de l&#8217;\u00e9quipe :<\/h3>\n<ul>\n<li>prient<\/li>\n<li>partagent un repas<\/li>\n<li>mettent en commun leurs efforts de progression<\/li>\n<li>pr\u00e9sentent les \u00e9v\u00e8nements les plus marquants du mois \u00e9changent sur un th\u00e8me religieux sur lequel ils ont r\u00e9fl\u00e9chi pendant le mois.<\/li>\n<\/ul>\n<p>&nbsp;<\/p>\n<h3>Une orientation de vie\u00a0:<\/h3>\n<p>Pour \u00eatre soutenu et concret, un cheminement spirituel implique et entra\u00eene au fil des jours certaines d\u00e9marches ou actions.<br \/>\nLe Mouvement en a retenu six pour appuyer et approfondir la d\u00e9marche de foi :<\/p>\n<ol>\n<li>L&#8217;\u00e9coute de la Parole de Dieu<\/li>\n<li>La pri\u00e8re personnelle<\/li>\n<li>La pri\u00e8re conjugale et si possible familiale<\/li>\n<li>Un temps de vrai dialogue conjugal<\/li>\n<li>Une r\u00e8gle de vie<\/li>\n<li>Une retraite annuelle<\/li>\n<\/ol>\n<p>&nbsp;<\/p>\n<p><iframe title=\"YouTube video player\" src=\"https:\/\/www.youtube.com\/embed\/0dQSnQNTkI4\" width=\"560\" height=\"315\" frameborder=\"0\" allowfullscreen=\"allowfullscreen\"><\/iframe><\/p>\n<h3>\u00a0En savoir plus<\/h3>\n<p>Vous souhaitez d\u00e9couvrir le mouvement des Equipes Notre-Dame ?\u00a0<strong><a href=\"https:\/\/www.equipes-notre-dame.fr\/la-vie-dequipe\/rejoindre-une-equipe\/\" target=\"_blank\" rel=\"noopener\">rejoindre une \u00e9quipe<\/a><\/strong> ?<\/p>\n<p>&#x2666; contactez les responsables du\u00a0<a href=\"https:\/\/equipiers.equipes-notre-dame.fr\/secteur\/beauvais\" target=\"_blank\" rel=\"noopener\">secteur de Beauvais<\/a> pour \u00eatre mis en contact.<\/p>\n<p>&#x2666; pour en savoir plus sur le mouvement : consultez le <a href=\"https:\/\/www.equipes-notre-dame.fr\" target=\"_blank\" rel=\"noopener\">site national des \u00c9quipes Notre-Dame (END)<\/a><\/p>\n","protected":false},"excerpt":{"rendered":"<p>Les \u00c9quipes Notre-Dame (END) proposent aux couples chr\u00e9tiens unis par le sacrement de mariage : Un lieu privil\u00e9gi\u00e9 pour vivre l\u2019\u00c9vangile Un moyen pour \u00eatre heureux en couple et en&hellip;<\/p>\n","protected":false},"author":4,"featured_media":0,"parent":3691,"menu_order":6,"comment_status":"closed","ping_status":"closed","template":"","meta":{"_lmt_disableupdate":"","_lmt_disable":"","footnotes":""},"class_list":["post-12354","page","type-page","status-publish","hentry"],"jetpack_shortlink":"https:\/\/wp.me\/P7Mpl1-3dg","jetpack_sharing_enabled":true,"_links":{"self":[{"href":"https:\/\/saintlouisenthelle.org\/accueil\/wp-json\/wp\/v2\/pages\/12354","targetHints":{"allow":["GET"]}}],"collection":[{"href":"https:\/\/saintlouisenthelle.org\/accueil\/wp-json\/wp\/v2\/pages"}],"about":[{"href":"https:\/\/saintlouisenthelle.org\/accueil\/wp-json\/wp\/v2\/types\/page"}],"author":[{"embeddable":true,"href":"https:\/\/saintlouisenthelle.org\/accueil\/wp-json\/wp\/v2\/users\/4"}],"replies":[{"embeddable":true,"href":"https:\/\/saintlouisenthelle.org\/accueil\/wp-json\/wp\/v2\/comments?post=12354"}],"version-history":[{"count":7,"href":"https:\/\/saintlouisenthelle.org\/accueil\/wp-json\/wp\/v2\/pages\/12354\/revisions"}],"predecessor-version":[{"id":12940,"href":"https:\/\/saintlouisenthelle.org\/accueil\/wp-json\/wp\/v2\/pages\/12354\/revisions\/12940"}],"up":[{"embeddable":true,"href":"https:\/\/saintlouisenthelle.org\/accueil\/wp-json\/wp\/v2\/pages\/3691"}],"wp:attachment":[{"href":"https:\/\/saintlouisenthelle.org\/accueil\/wp-json\/wp\/v2\/media?parent=12354"}],"curies":[{"name":"wp","href":"https:\/\/api.w.org\/{rel}","templated":true}]}}