{"id":12317,"date":"2023-03-03T12:00:53","date_gmt":"2023-03-03T11:00:53","guid":{"rendered":"https:\/\/saintlouisenthelle.org\/accueil\/?page_id=12317"},"modified":"2026-02-06T21:58:26","modified_gmt":"2026-02-06T20:58:26","slug":"rosario-rosaire-vivant","status":"publish","type":"page","link":"https:\/\/saintlouisenthelle.org\/accueil\/prier-et-celebrer\/rosario-rosaire-vivant\/","title":{"rendered":"Rosario &#8211; rosaire vivant"},"content":{"rendered":"<section class=\"elementor-section elementor-top-section elementor-element elementor-element-828ab37 elementor-section-boxed elementor-section-height-default elementor-section-height-default\" data-id=\"828ab37\" data-element_type=\"section\">\n<div class=\"elementor-container elementor-column-gap-default\">\n<div class=\"elementor-column elementor-col-100 elementor-top-column elementor-element elementor-element-3a7b17e\" data-id=\"3a7b17e\" data-element_type=\"column\">\n<div class=\"elementor-widget-wrap elementor-element-populated\">\n<div class=\"elementor-element elementor-element-719143c elementor-widget elementor-widget-heading\" data-id=\"719143c\" data-element_type=\"widget\" data-widget_type=\"heading.default\"><\/div>\n<\/div>\n<\/div>\n<\/div>\n<\/section>\n<h1>Le chapelet vivant dans notre paroisse :<\/h1>\n<p style=\"text-align: justify;\">Nous avons plusieurs <strong>chapelets vivants<\/strong> dans la paroisse, sur <a href=\"https:\/\/rosario.app\/\" target=\"_blank\" rel=\"noopener\">une application nomm\u00e9e <strong>Rosario<\/strong><\/a> ! Rejoignez tr\u00e8s facilement un groupe :<\/p>\n<p style=\"text-align: justify;\">Par groupes de 5 personnes, chaque jour, chacun re\u00e7oit un myst\u00e8re du rosaire et prend 5 minutes de sa journ\u00e9e pour le m\u00e9diter en r\u00e9citant <em><strong>une dizaine de chapelet<\/strong><\/em> (1 Notre P\u00e8re, 10 Je vous salue Marie, 1 Gloire au P\u00e8re) dans son quotidien.<br \/>\n\u00c0 la fin de la journ\u00e9e, le groupe aura m\u00e9dit\u00e9 les 5 myst\u00e8res du jour compl\u00e9tant ainsi un chapelet entier : c\u2019est le principe du <a href=\"https:\/\/fr.aleteia.org\/2022\/05\/21\/rosario-une-app-inspiree-du-rosaire-vivant-de-pauline-jaricot\" target=\"_blank\" rel=\"noopener\">chapelet vivant, invent\u00e9 par Bienheureuse Pauline Jaricot<\/a>.<\/p>\n<p style=\"text-align: justify;\"><a href=\"https:\/\/rosario.app\/\"><img data-recalc-dims=\"1\" fetchpriority=\"high\" decoding=\"async\" class=\"aligncenter size-full wp-image-12319\" src=\"https:\/\/i0.wp.com\/saintlouisenthelle.org\/accueil\/wp-content\/uploads\/2023\/03\/rosario4.png?resize=393%2C128&#038;ssl=1\" alt=\"\" width=\"393\" height=\"128\" srcset=\"https:\/\/i0.wp.com\/saintlouisenthelle.org\/accueil\/wp-content\/uploads\/2023\/03\/rosario4.png?w=393&amp;ssl=1 393w, https:\/\/i0.wp.com\/saintlouisenthelle.org\/accueil\/wp-content\/uploads\/2023\/03\/rosario4.png?resize=300%2C98&amp;ssl=1 300w\" sizes=\"(max-width: 393px) 100vw, 393px\" \/><\/a>Nous vous proposons de nous porter les uns les autres gr\u00e2ce \u00e0 la pri\u00e8re du chapelet en t\u00e9l\u00e9chargeant <a href=\"https:\/\/rosario.app\/\" target=\"_blank\" rel=\"noopener\">Rosario<\/a> sur vos t\u00e9l\u00e9phones et en cherchant le nom de notre paroisse. C\u2019est une vraie aide pour s\u2019encourager \u00e0 prier. On re\u00e7oit une notification lorsque d\u2019autres ont pri\u00e9, on peut \u00e9changer sur une messagerie, se confier des intentions de pri\u00e8re, et m\u00eame approfondir sa d\u00e9votion mariale avec l\u2019explication des myst\u00e8res du Rosaire ou divers articles.<\/p>\n<p style=\"text-align: justify;\">Vous pouvez donc <b>rejoindre un groupe de chapelet vivant de la paroisse<\/b> : une fois l&#8217;<a href=\"https:\/\/rosario.app\/\" target=\"_blank\" rel=\"noopener\">application <strong>Rosario<\/strong><\/a> t\u00e9l\u00e9charg\u00e9e sur votre smartphone :<\/p>\n<ul>\n<li>cliquez : &#8220;<em><strong>+ <\/strong><strong>Nouveau groupe<\/strong><\/em>&#8220;<\/li>\n<li>choisissez : &#8220;Groupe &#8220;<em><strong>par paroisse<\/strong><\/em>&#8220;<\/li>\n<li>puis : &#8220;<em><strong>Dioc\u00e8se de Beauvais, Noyon et Senlis<\/strong><\/em>&#8220;<\/li>\n<li>et : &#8220;<em><strong>Paroisse de Pays-de-Thelle<\/strong><\/em>&#8220;<\/li>\n<li>ou bien saisir ce code d\u2019invitation : <strong>0 080 956<\/strong><\/li>\n<\/ul>\n<p>Pour tout renseignement ou aide pour rejoindre un groupe : contactez Liliane 06 10 77 16 31<\/p>\n<p><a href=\"https:\/\/rosario.app\/\"><img data-recalc-dims=\"1\" decoding=\"async\" class=\"aligncenter size-full wp-image-12320\" src=\"https:\/\/i0.wp.com\/saintlouisenthelle.org\/accueil\/wp-content\/uploads\/2023\/03\/rosario2.jpg?resize=300%2C649&#038;ssl=1\" alt=\"\" width=\"300\" height=\"649\" srcset=\"https:\/\/i0.wp.com\/saintlouisenthelle.org\/accueil\/wp-content\/uploads\/2023\/03\/rosario2.jpg?w=300&amp;ssl=1 300w, https:\/\/i0.wp.com\/saintlouisenthelle.org\/accueil\/wp-content\/uploads\/2023\/03\/rosario2.jpg?resize=139%2C300&amp;ssl=1 139w\" sizes=\"(max-width: 300px) 100vw, 300px\" \/><\/a><\/p>\n","protected":false},"excerpt":{"rendered":"<p>Le chapelet vivant dans notre paroisse : Nous avons plusieurs chapelets vivants dans la paroisse, sur une application nomm\u00e9e Rosario ! Rejoignez tr\u00e8s facilement un groupe : Par groupes de&hellip;<\/p>\n","protected":false},"author":4,"featured_media":12318,"parent":122,"menu_order":4,"comment_status":"closed","ping_status":"closed","template":"","meta":{"_lmt_disableupdate":"no","_lmt_disable":"","footnotes":""},"class_list":["post-12317","page","type-page","status-publish","has-post-thumbnail","hentry"],"jetpack_shortlink":"https:\/\/wp.me\/P7Mpl1-3cF","jetpack_sharing_enabled":true,"_links":{"self":[{"href":"https:\/\/saintlouisenthelle.org\/accueil\/wp-json\/wp\/v2\/pages\/12317","targetHints":{"allow":["GET"]}}],"collection":[{"href":"https:\/\/saintlouisenthelle.org\/accueil\/wp-json\/wp\/v2\/pages"}],"about":[{"href":"https:\/\/saintlouisenthelle.org\/accueil\/wp-json\/wp\/v2\/types\/page"}],"author":[{"embeddable":true,"href":"https:\/\/saintlouisenthelle.org\/accueil\/wp-json\/wp\/v2\/users\/4"}],"replies":[{"embeddable":true,"href":"https:\/\/saintlouisenthelle.org\/accueil\/wp-json\/wp\/v2\/comments?post=12317"}],"version-history":[{"count":7,"href":"https:\/\/saintlouisenthelle.org\/accueil\/wp-json\/wp\/v2\/pages\/12317\/revisions"}],"predecessor-version":[{"id":14538,"href":"https:\/\/saintlouisenthelle.org\/accueil\/wp-json\/wp\/v2\/pages\/12317\/revisions\/14538"}],"up":[{"embeddable":true,"href":"https:\/\/saintlouisenthelle.org\/accueil\/wp-json\/wp\/v2\/pages\/122"}],"wp:featuredmedia":[{"embeddable":true,"href":"https:\/\/saintlouisenthelle.org\/accueil\/wp-json\/wp\/v2\/media\/12318"}],"wp:attachment":[{"href":"https:\/\/saintlouisenthelle.org\/accueil\/wp-json\/wp\/v2\/media?parent=12317"}],"curies":[{"name":"wp","href":"https:\/\/api.w.org\/{rel}","templated":true}]}}