{"id":10755,"date":"2021-09-28T12:00:53","date_gmt":"2021-09-28T10:00:53","guid":{"rendered":"https:\/\/saintlouisenthelle.org\/accueil\/?page_id=10755"},"modified":"2024-12-28T21:33:06","modified_gmt":"2024-12-28T20:33:06","slug":"groupe-de-priere-de-lemmanuel","status":"publish","type":"page","link":"https:\/\/saintlouisenthelle.org\/accueil\/prier-et-celebrer\/groupe-de-priere-de-lemmanuel\/","title":{"rendered":"Groupe de pri\u00e8re de l&#8217;Emmanuel"},"content":{"rendered":"<h2>Louange, Adoration, intercession, partage autour de la Parole<\/h2>\n<p style=\"text-align: justify;\">Pour partager un temps de louange, d&#8217;adoration, de formation, de partage autour de la Parole de Dieu et de pri\u00e8re des fr\u00e8res.<\/p>\n<p><em><strong>O\u00f9 ?<\/strong><\/em> \u2192 \u00e0 la <a href=\"https:\/\/maps.app.goo.gl\/tuFvwuD735SAUdsF6\" target=\"_blank\" rel=\"noopener\">Maison paroissiale de M\u00e9ru<\/a> (entr\u00e9e par le <a href=\"https:\/\/maps.app.goo.gl\/tuFvwuD735SAUdsF6\" target=\"_blank\" rel=\"noopener\">31 rue Voltaire<\/a>)<\/p>\n<p><em><strong>Quand ?<\/strong><\/em> \u2192 deux fois par mois, le <strong>mercredi <\/strong>soir, de <strong>20h30<\/strong> \u00e0 <strong>22h<\/strong><strong><br \/>\n<\/strong><\/p>\n<p>Contact : Claude Beauducel &#8211; T\u00e9l. 06 12 50 16 18<\/p>\n<iframe src=\"\/\/docs.google.com\/viewer?url=https%3A%2F%2Fsaintlouisenthelle.org%2Faccueil%2Fwp-content%2Fuploads%2F2024%2F10%2Fgroupe-priere-emmanuel-2024-25.pdf&hl=fr&embedded=true\" class=\"gde-frame\" style=\"width:100%; height:500px; border: none;\" scrolling=\"no\"><\/iframe>\n<p class=\"gde-text\"><a href=\"https:\/\/saintlouisenthelle.org\/accueil\/wp-content\/uploads\/2024\/10\/groupe-priere-emmanuel-2024-25.pdf\" class=\"gde-link\">T\u00e9l\u00e9charger (PDF, 110KB)<\/a><\/p>\n<h3>En savoir plus sur la Communaut\u00e9 de l&#8217;Emmanuel :<\/h3>\n<ul>\n<li>Pr\u00e9sentation sur le site du dioc\u00e8se de Beauvais, \u00c9glise catholique dans l&#8217;Oise<\/li>\n<li>Pr\u00e9sentation sur le site de la <a href=\"https:\/\/emmanuel.info\/qui-sommes-nous\/\" target=\"_blank\" rel=\"noopener\">Communaut\u00e9 de l&#8217;Emmanuel<\/a><\/li>\n<li>Contacter les <a href=\"https:\/\/emmanuel.info\/contacts\/81595\/\" target=\"_blank\" rel=\"noopener\">responsables dans l&#8217;Oise<\/a><\/li>\n<\/ul>\n","protected":false},"excerpt":{"rendered":"<p>Louange, Adoration, intercession, partage autour de la Parole Pour partager un temps de louange, d&#8217;adoration, de formation, de partage autour de la Parole de Dieu et de pri\u00e8re des fr\u00e8res.&hellip;<\/p>\n","protected":false},"author":4,"featured_media":10756,"parent":122,"menu_order":10,"comment_status":"closed","ping_status":"closed","template":"","meta":{"_lmt_disableupdate":"no","_lmt_disable":"","footnotes":""},"class_list":["post-10755","page","type-page","status-publish","has-post-thumbnail","hentry"],"jetpack_shortlink":"https:\/\/wp.me\/P7Mpl1-2Nt","jetpack_sharing_enabled":true,"_links":{"self":[{"href":"https:\/\/saintlouisenthelle.org\/accueil\/wp-json\/wp\/v2\/pages\/10755","targetHints":{"allow":["GET"]}}],"collection":[{"href":"https:\/\/saintlouisenthelle.org\/accueil\/wp-json\/wp\/v2\/pages"}],"about":[{"href":"https:\/\/saintlouisenthelle.org\/accueil\/wp-json\/wp\/v2\/types\/page"}],"author":[{"embeddable":true,"href":"https:\/\/saintlouisenthelle.org\/accueil\/wp-json\/wp\/v2\/users\/4"}],"replies":[{"embeddable":true,"href":"https:\/\/saintlouisenthelle.org\/accueil\/wp-json\/wp\/v2\/comments?post=10755"}],"version-history":[{"count":12,"href":"https:\/\/saintlouisenthelle.org\/accueil\/wp-json\/wp\/v2\/pages\/10755\/revisions"}],"predecessor-version":[{"id":13740,"href":"https:\/\/saintlouisenthelle.org\/accueil\/wp-json\/wp\/v2\/pages\/10755\/revisions\/13740"}],"up":[{"embeddable":true,"href":"https:\/\/saintlouisenthelle.org\/accueil\/wp-json\/wp\/v2\/pages\/122"}],"wp:featuredmedia":[{"embeddable":true,"href":"https:\/\/saintlouisenthelle.org\/accueil\/wp-json\/wp\/v2\/media\/10756"}],"wp:attachment":[{"href":"https:\/\/saintlouisenthelle.org\/accueil\/wp-json\/wp\/v2\/media?parent=10755"}],"curies":[{"name":"wp","href":"https:\/\/api.w.org\/{rel}","templated":true}]}}

Groupe de prière de l&#8217;Emmanuel

<h2>Louange, Adoration, intercession, partage autour de la Parole</h2>
<p style="text-align: justify;">Pour partager un temps de louange, d&#8217;adoration, de formation, de partage autour de la Parole de Dieu et de prière des frères.</p>
<p><em><strong>Où ?</strong></em> → à la <a href="https://maps.app.goo.gl/tuFvwuD735SAUdsF6" target="_blank" rel="noopener">Maison paroissiale de Méru</a> (entrée par le <a href="https://maps.app.goo.gl/tuFvwuD735SAUdsF6" target="_blank" rel="noopener">31 rue Voltaire</a>)</p>
<p><em><strong>Quand ?</strong></em> → deux fois par mois, le <strong>mercredi </strong>soir, de <strong>20h30</strong> à <strong>22h</strong><strong><br />
</strong></p>
<p>Contact : Claude Beauducel &#8211; Tél. 06 12 50 16 18</p>
<iframe src="//docs.google.com/viewer?url=https%3A%2F%2Fsaintlouisenthelle.org%2Faccueil%2Fwp-content%2Fuploads%2F2024%2F10%2Fgroupe-priere-emmanuel-2024-25.pdf&hl=fr&embedded=true" class="gde-frame" style="width:100%; height:500px; border: none;" scrolling="no"></iframe>
<p class="gde-text"><a href="https://saintlouisenthelle.org/accueil/wp-content/uploads/2024/10/groupe-priere-emmanuel-2024-25.pdf" class="gde-link">Télécharger (PDF, 110KB)</a></p>
<h3>En savoir plus sur la Communauté de l&#8217;Emmanuel :</h3>
<ul>
<li>Présentation sur le site du diocèse de Beauvais, Église catholique dans l&#8217;Oise</li>
<li>Présentation sur le site de la <a href="https://emmanuel.info/qui-sommes-nous/" target="_blank" rel="noopener">Communauté de l&#8217;Emmanuel</a></li>
<li>Contacter les <a href="https://emmanuel.info/contacts/81595/" target="_blank" rel="noopener">responsables dans l&#8217;Oise</a></li>
</ul>

<p>Louange, Adoration, intercession, partage autour de la Parole Pour partager un temps de louange, d&#8217;adoration, de formation, de partage autour de la Parole de Dieu et de prière des frères.&hellip;</p>
