{"id":10200,"date":"2021-04-25T12:00:05","date_gmt":"2021-04-25T10:00:05","guid":{"rendered":"http:\/\/saintlouisenthelle.org\/accueil\/?page_id=10200"},"modified":"2025-09-11T21:53:28","modified_gmt":"2025-09-11T19:53:28","slug":"5-essentiels","status":"publish","type":"page","link":"https:\/\/saintlouisenthelle.org\/accueil\/mission-formation\/5-essentiels\/","title":{"rendered":"Les \u201c5 essentiels\u201d"},"content":{"rendered":"<h1>Les \u201c5 essentiels\u201d<\/h1>\n<p style=\"text-align: justify;\">Mgr Jacques Benoit-Gonnin invite toutes les paroisses de l\u2019Oise \u00e0 s\u2019engager dans la d\u00e9marche \u00ab <em><strong>La joie d\u2019\u00e9vang\u00e9liser<\/strong><\/em> \u00bb.<\/p>\n<p style=\"text-align: justify;\">Notre paroisse s\u2019inscrit dans cette d\u00e9marche.<br \/>\nConsultez le\u00a0\u00ab <span class=\"link-external\"><a href=\"https:\/\/diocesebeauvais-my.sharepoint.com\/:b:\/g\/personal\/docs-site_oise-catholique_fr\/ESHY2GcI2XZPsNH1n1biCR4BW_DK2N9k_32y3zOMG3_vfQ?e=KKSEL9\" target=\"_blank\" rel=\"noopener\">Petit guide des 5 essentiels \u2013 la joie d\u2019\u00e9vang\u00e9liser<\/a><\/span> \u00bb (livret de 4 pages) [<a href=\"https:\/\/diocesebeauvais-my.sharepoint.com\/:b:\/g\/personal\/docs-site_oise-catholique_fr\/ESHY2GcI2XZPsNH1n1biCR4BW_DK2N9k_32y3zOMG3_vfQ?e=KKSEL9\" target=\"_blank\" rel=\"noopener\">t\u00e9l\u00e9charger le document PDF ici<\/a>]\u00a0pour d\u00e9couvrir ce que sont ces <strong>\u00ab 5 essentiels \u00bb<\/strong> \/ <strong>\u00ab 5 vitamines \u00bb<\/strong> au service de la croissance des communaut\u00e9s chr\u00e9tiennes et de la formation de disciples missionnaires.<\/p>\n<h3>Les <strong>cinq essentiels<\/strong> sont :<\/h3>\n<ul>\n<li>Adoration (la pri\u00e8re) : <span style=\"color: #0000ff;\"><em><strong>Dieu en premier\u00a0<\/strong><\/em><\/span><\/li>\n<li>Fraternit\u00e9 : <span style=\"color: #008000;\"><em><strong>vivre la fraternit\u00e9<\/strong><\/em><\/span><\/li>\n<li>Formation : <span style=\"color: #ff00ff;\"><em><strong>se former<\/strong><\/em><\/span><\/li>\n<li>Minist\u00e8re : <span style=\"color: #ff6600;\"><em><strong>servir<\/strong><\/em><\/span><\/li>\n<li>\u00c9vang\u00e9lisation : <span style=\"color: #ffff00;\"><em><strong>annoncer le Christ<\/strong><\/em><\/span><\/li>\n<\/ul>\n<p><a href=\"https:\/\/diocesebeauvais-my.sharepoint.com\/:b:\/g\/personal\/docs-site_oise-catholique_fr\/ESHY2GcI2XZPsNH1n1biCR4BW_DK2N9k_32y3zOMG3_vfQ?e=KKSEL9\" target=\"_blank\" rel=\"noopener\"><img data-recalc-dims=\"1\" fetchpriority=\"high\" decoding=\"async\" class=\"aligncenter wp-image-10203 size-full\" src=\"https:\/\/i0.wp.com\/saintlouisenthelle.org\/accueil\/wp-content\/uploads\/2021\/04\/guide-5essentiels.png?resize=285%2C400&#038;ssl=1\" alt=\"\" width=\"285\" height=\"400\" srcset=\"https:\/\/i0.wp.com\/saintlouisenthelle.org\/accueil\/wp-content\/uploads\/2021\/04\/guide-5essentiels.png?w=285&amp;ssl=1 285w, https:\/\/i0.wp.com\/saintlouisenthelle.org\/accueil\/wp-content\/uploads\/2021\/04\/guide-5essentiels.png?resize=214%2C300&amp;ssl=1 214w\" sizes=\"(max-width: 285px) 100vw, 285px\" \/><\/a><\/p>\n<p>&nbsp;<\/p>\n<p>&nbsp;<\/p>\n<h2><span class=\"date\">D\u00e9marche dioc\u00e9saine<\/span><\/h2>\n<p style=\"text-align: justify;\">Quelles sont les conditions qui favorisent notre maturit\u00e9 chr\u00e9tienne, la sant\u00e9 et le dynamisme de nos communaut\u00e9s, la f\u00e9condit\u00e9 et la croissance de l\u2019Eglise, le d\u00e9ploiement de la nouvelle \u00e9vang\u00e9lisation\u2026<\/p>\n<div class=\"plain\">\n<p>Retrouvez la \u201cboite \u00e0 outils\u201d du dioc\u00e8se sur <a href=\"https:\/\/oise.catholique.fr\/eveque-et-ses-collaborateurs\/notre-eveque-et-ses-conseillers\/evangeliser\" target=\"_blank\" rel=\"noopener\">cette page<\/a> :<\/p>\n<p><a href=\"https:\/\/oise.catholique.fr\/eveque-et-ses-collaborateurs\/notre-eveque-et-ses-conseillers\/evangeliser\" target=\"_blank\" rel=\"noopener\"><img data-recalc-dims=\"1\" decoding=\"async\" class=\"aligncenter wp-image-10206 \" src=\"https:\/\/i0.wp.com\/saintlouisenthelle.org\/accueil\/wp-content\/uploads\/2021\/04\/joiedevangeliser.jpg?resize=357%2C268&#038;ssl=1\" alt=\"\" width=\"357\" height=\"268\" srcset=\"https:\/\/i0.wp.com\/saintlouisenthelle.org\/accueil\/wp-content\/uploads\/2021\/04\/joiedevangeliser.jpg?w=768&amp;ssl=1 768w, https:\/\/i0.wp.com\/saintlouisenthelle.org\/accueil\/wp-content\/uploads\/2021\/04\/joiedevangeliser.jpg?resize=300%2C225&amp;ssl=1 300w\" sizes=\"(max-width: 357px) 100vw, 357px\" \/><\/a><\/p>\n<p><img data-recalc-dims=\"1\" decoding=\"async\" class=\"aligncenter wp-image-10201\" src=\"https:\/\/i0.wp.com\/saintlouisenthelle.org\/accueil\/wp-content\/uploads\/2021\/04\/5essentiels.png?resize=483%2C459&#038;ssl=1\" alt=\"\" width=\"483\" height=\"459\" srcset=\"https:\/\/i0.wp.com\/saintlouisenthelle.org\/accueil\/wp-content\/uploads\/2021\/04\/5essentiels.png?w=726&amp;ssl=1 726w, https:\/\/i0.wp.com\/saintlouisenthelle.org\/accueil\/wp-content\/uploads\/2021\/04\/5essentiels.png?resize=300%2C285&amp;ssl=1 300w\" sizes=\"(max-width: 483px) 100vw, 483px\" \/><\/p>\n<\/div>\n","protected":false},"excerpt":{"rendered":"<p>Les \u201c5 essentiels\u201d Mgr Jacques Benoit-Gonnin invite toutes les paroisses de l\u2019Oise \u00e0 s\u2019engager dans la d\u00e9marche \u00ab La joie d\u2019\u00e9vang\u00e9liser \u00bb. Notre paroisse s\u2019inscrit dans cette d\u00e9marche. Consultez le\u00a0\u00ab&hellip;<\/p>\n","protected":false},"author":4,"featured_media":10201,"parent":3691,"menu_order":0,"comment_status":"closed","ping_status":"closed","template":"","meta":{"_lmt_disableupdate":"no","_lmt_disable":"","footnotes":""},"class_list":["post-10200","page","type-page","status-publish","has-post-thumbnail","hentry"],"jetpack_shortlink":"https:\/\/wp.me\/P7Mpl1-2Ew","jetpack_sharing_enabled":true,"_links":{"self":[{"href":"https:\/\/saintlouisenthelle.org\/accueil\/wp-json\/wp\/v2\/pages\/10200","targetHints":{"allow":["GET"]}}],"collection":[{"href":"https:\/\/saintlouisenthelle.org\/accueil\/wp-json\/wp\/v2\/pages"}],"about":[{"href":"https:\/\/saintlouisenthelle.org\/accueil\/wp-json\/wp\/v2\/types\/page"}],"author":[{"embeddable":true,"href":"https:\/\/saintlouisenthelle.org\/accueil\/wp-json\/wp\/v2\/users\/4"}],"replies":[{"embeddable":true,"href":"https:\/\/saintlouisenthelle.org\/accueil\/wp-json\/wp\/v2\/comments?post=10200"}],"version-history":[{"count":10,"href":"https:\/\/saintlouisenthelle.org\/accueil\/wp-json\/wp\/v2\/pages\/10200\/revisions"}],"predecessor-version":[{"id":14229,"href":"https:\/\/saintlouisenthelle.org\/accueil\/wp-json\/wp\/v2\/pages\/10200\/revisions\/14229"}],"up":[{"embeddable":true,"href":"https:\/\/saintlouisenthelle.org\/accueil\/wp-json\/wp\/v2\/pages\/3691"}],"wp:featuredmedia":[{"embeddable":true,"href":"https:\/\/saintlouisenthelle.org\/accueil\/wp-json\/wp\/v2\/media\/10201"}],"wp:attachment":[{"href":"https:\/\/saintlouisenthelle.org\/accueil\/wp-json\/wp\/v2\/media?parent=10200"}],"curies":[{"name":"wp","href":"https:\/\/api.w.org\/{rel}","templated":true}]}}